{"id":152,"date":"2024-02-20T13:52:36","date_gmt":"2024-02-20T13:52:36","guid":{"rendered":"https:\/\/wiki.uepa.br\/?page_id=152"},"modified":"2025-09-26T18:01:52","modified_gmt":"2025-09-26T18:01:52","slug":"frequencia-dos-alunos","status":"publish","type":"page","link":"https:\/\/wiki.uepa.br\/index.php\/turma-virtual-docente\/frequencia-dos-alunos\/","title":{"rendered":"Frequ\u00eancia dos alunos"},"content":{"rendered":"\n<p class=\"has-text-align-center has-ast-global-color-8-color has-text-color has-link-color wp-elements-147631c383e3a724f91c8dbb476702d3\">Para o lan\u00e7amento de frequ\u00eancia dos alunos, existe mais de uma maneira.<\/p>\n\n\n\n<ul class=\"has-ast-global-color-8-color has-text-color has-link-color wp-elements-294eb2868af6885ef4033d0bd9801c54\">\n<li><strong>1\u00aa op\u00e7\u00e3o<\/strong>:&nbsp;<em>Lan\u00e7ar Frequ\u00eancia<\/em>.<\/li>\n\n\n\n<li><strong>2\u00aa op\u00e7\u00e3o<\/strong>:&nbsp;<em>Lan\u00e7ar Frequ\u00eancia em Planilha<\/em>.<\/li>\n<\/ul>\n\n\n\n<h3 class=\"wp-block-heading has-text-align-center\" id=\"lancar_frequencia\"><strong>Lan\u00e7ar Frequ\u00eancia<\/strong><\/h3>\n\n\n\n<ul class=\"has-ast-global-color-8-color has-text-color has-link-color wp-elements-d31d0e780e3e1378cd963ea129d2b2a9\">\n<li>Acesse o menu&nbsp;<strong>Alunos<\/strong>&nbsp;\u00bb&nbsp;<strong>Lan\u00e7ar Frequ\u00eancia<\/strong>.<\/li>\n<\/ul>\n\n\n\n<figure class=\"wp-block-image aligncenter size-full\"><img loading=\"lazy\" decoding=\"async\" width=\"200\" height=\"213\" src=\"https:\/\/wiki.uepa.br\/wp-content\/uploads\/2025\/09\/frequencia.png\" alt=\"\" class=\"wp-image-913\"\/><\/figure>\n\n\n\n<ul class=\"has-ast-global-color-8-color has-text-color has-link-color wp-elements-32d12034c78ec5a8c1d585a0bce4149d\">\n<li>Selecione o dia desejado.<\/li>\n<\/ul>\n\n\n\n<figure class=\"wp-block-image aligncenter size-full\"><img loading=\"lazy\" decoding=\"async\" width=\"600\" height=\"381\" src=\"https:\/\/wiki.uepa.br\/wp-content\/uploads\/2025\/09\/frequencia2.png\" alt=\"\" class=\"wp-image-915\" srcset=\"https:\/\/wiki.uepa.br\/wp-content\/uploads\/2025\/09\/frequencia2.png 600w, https:\/\/wiki.uepa.br\/wp-content\/uploads\/2025\/09\/frequencia2-300x191.png 300w\" sizes=\"(max-width: 600px) 100vw, 600px\" \/><\/figure>\n\n\n\n<ul class=\"has-ast-global-color-8-color has-text-color has-link-color wp-elements-37ccaf4443624c97b3a87e7b36e8c575\">\n<li>O sistema indicar\u00e1, por padr\u00e3o, a presen\u00e7a dos discentes e fornece uma legenda para os \u00edcones e dias de aula no calend\u00e1rio.<\/li>\n<\/ul>\n\n\n\n<figure class=\"wp-block-image aligncenter size-full\"><img loading=\"lazy\" decoding=\"async\" width=\"600\" height=\"306\" src=\"https:\/\/wiki.uepa.br\/wp-content\/uploads\/2025\/09\/frequencia3.png\" alt=\"\" class=\"wp-image-918\" srcset=\"https:\/\/wiki.uepa.br\/wp-content\/uploads\/2025\/09\/frequencia3.png 600w, https:\/\/wiki.uepa.br\/wp-content\/uploads\/2025\/09\/frequencia3-300x153.png 300w\" sizes=\"(max-width: 600px) 100vw, 600px\" \/><\/figure>\n\n\n\n<ul class=\"has-ast-global-color-8-color has-text-color has-link-color wp-elements-011afbbb6ce0b46ad51286a0dfa41750\">\n<li>Caso algum discente tenha faltado o dia de aula, o sistema permite selecionar quantas faltas o mesmo teve nesse dia, bastando escolher a op\u00e7\u00e3o desejada na lista suspensa para cada aluno.<\/li>\n<\/ul>\n\n\n\n<figure class=\"wp-block-image aligncenter size-full\"><img loading=\"lazy\" decoding=\"async\" width=\"200\" height=\"164\" src=\"https:\/\/wiki.uepa.br\/wp-content\/uploads\/2025\/09\/frequencia4.png\" alt=\"\" class=\"wp-image-920\"\/><\/figure>\n\n\n\n<ul class=\"has-ast-global-color-8-color has-text-color has-link-color wp-elements-364a6ec1db84a299db4f381bffad9829\">\n<li>H\u00e1 tamb\u00e9m a op\u00e7\u00e3o de clicar no \u00edcone adequado e informar que o discente faltou todas as aulas desse dia.<\/li>\n<\/ul>\n\n\n\n<figure class=\"wp-block-image aligncenter size-full\"><img loading=\"lazy\" decoding=\"async\" width=\"200\" height=\"105\" src=\"https:\/\/wiki.uepa.br\/wp-content\/uploads\/2025\/09\/frequencia5.png\" alt=\"\" class=\"wp-image-922\"\/><\/figure>\n\n\n\n<ul class=\"has-ast-global-color-8-color has-text-color has-link-color wp-elements-4daf3fcc3e019a3cd1eb091a1832a0da\">\n<li>Ap\u00f3s as devidas altera\u00e7\u00f5es, clicar em Gravar Frequ\u00eancias.<\/li>\n<\/ul>\n\n\n\n<figure class=\"wp-block-image aligncenter size-full\"><img loading=\"lazy\" decoding=\"async\" width=\"600\" height=\"61\" src=\"https:\/\/wiki.uepa.br\/wp-content\/uploads\/2025\/09\/frequencia6.png\" alt=\"\" class=\"wp-image-925\" srcset=\"https:\/\/wiki.uepa.br\/wp-content\/uploads\/2025\/09\/frequencia6.png 600w, https:\/\/wiki.uepa.br\/wp-content\/uploads\/2025\/09\/frequencia6-300x31.png 300w\" sizes=\"(max-width: 600px) 100vw, 600px\" \/><\/figure>\n\n\n\n<ul class=\"has-ast-global-color-8-color has-text-color has-link-color wp-elements-6d959cf50722a7b4f9490ba2d3efaadc\">\n<li>O sistema retornar\u00e1 sinalizando os discentes que obtiveram falta total no dia em quest\u00e3o.<\/li>\n<\/ul>\n\n\n\n<figure class=\"wp-block-image aligncenter size-full\"><img loading=\"lazy\" decoding=\"async\" width=\"600\" height=\"318\" src=\"https:\/\/wiki.uepa.br\/wp-content\/uploads\/2025\/09\/frequencia7.png\" alt=\"\" class=\"wp-image-927\" srcset=\"https:\/\/wiki.uepa.br\/wp-content\/uploads\/2025\/09\/frequencia7.png 600w, https:\/\/wiki.uepa.br\/wp-content\/uploads\/2025\/09\/frequencia7-300x159.png 300w\" sizes=\"(max-width: 600px) 100vw, 600px\" \/><\/figure>\n\n\n\n<hr class=\"wp-block-separator has-alpha-channel-opacity\"\/>\n\n\n\n<h3 class=\"wp-block-heading has-text-align-center\" id=\"lancar_frequencia_em_planilha\"><strong>Lan\u00e7ar Frequ\u00eancia em Planilha<\/strong><\/h3>\n\n\n\n<ul class=\"has-ast-global-color-8-color has-text-color has-link-color wp-elements-72af6d9491258bc8b063b6f28630235a\">\n<li>Acessar o menu&nbsp;<strong>Alunos<\/strong>&nbsp;\u00bb&nbsp;<strong>Lan\u00e7ar Freq. em Planilha<\/strong>.<\/li>\n<\/ul>\n\n\n\n<figure class=\"wp-block-image aligncenter size-full\"><img loading=\"lazy\" decoding=\"async\" width=\"200\" height=\"198\" src=\"https:\/\/wiki.uepa.br\/wp-content\/uploads\/2025\/09\/frequencia8.png\" alt=\"\" class=\"wp-image-931\" srcset=\"https:\/\/wiki.uepa.br\/wp-content\/uploads\/2025\/09\/frequencia8.png 200w, https:\/\/wiki.uepa.br\/wp-content\/uploads\/2025\/09\/frequencia8-150x150.png 150w\" sizes=\"(max-width: 200px) 100vw, 200px\" \/><\/figure>\n\n\n\n<ul class=\"has-ast-global-color-8-color has-text-color has-link-color wp-elements-55bd692b641ae9d021e7b53a968c9639\">\n<li>Nessa op\u00e7\u00e3o, o docente pode visualizar os dias de aula e clicar em cima de cada combina\u00e7\u00e3o de dia\/aluno para alterar a quantidade de faltas.<\/li>\n\n\n\n<li>A cada modifica\u00e7\u00e3o, s\u00e3o alterados automaticamente os percentuais de Carga Hor\u00e1ria (%CH) e de Aulas Lan\u00e7adas (%AL), bem como a quantidade de faltas (Qtd) do discente.<\/li>\n<\/ul>\n\n\n\n<figure class=\"wp-block-image aligncenter size-full\"><img loading=\"lazy\" decoding=\"async\" width=\"600\" height=\"327\" src=\"https:\/\/wiki.uepa.br\/wp-content\/uploads\/2025\/09\/frequencia9.png\" alt=\"\" class=\"wp-image-937\" srcset=\"https:\/\/wiki.uepa.br\/wp-content\/uploads\/2025\/09\/frequencia9.png 600w, https:\/\/wiki.uepa.br\/wp-content\/uploads\/2025\/09\/frequencia9-300x164.png 300w\" sizes=\"(max-width: 600px) 100vw, 600px\" \/><\/figure>\n\n\n\n<ul class=\"has-ast-global-color-8-color has-text-color has-link-color wp-elements-a2d233028f6ca267d709c8855fd2e099\">\n<li>Ap\u00f3s efetuar as devidas altera\u00e7\u00f5es, clicar em Gravar Frequ\u00eancias.<\/li>\n<\/ul>\n\n\n\n<figure class=\"wp-block-image aligncenter size-full\"><img loading=\"lazy\" decoding=\"async\" width=\"600\" height=\"98\" src=\"https:\/\/wiki.uepa.br\/wp-content\/uploads\/2025\/09\/frequencia10.png\" alt=\"\" class=\"wp-image-940\" srcset=\"https:\/\/wiki.uepa.br\/wp-content\/uploads\/2025\/09\/frequencia10.png 600w, https:\/\/wiki.uepa.br\/wp-content\/uploads\/2025\/09\/frequencia10-300x49.png 300w\" sizes=\"(max-width: 600px) 100vw, 600px\" \/><\/figure>\n\n\n\n<hr class=\"wp-block-separator has-alpha-channel-opacity\"\/>\n\n\n\n<p class=\"has-text-align-center has-ast-global-color-8-color has-text-color has-link-color wp-elements-fbb6b0759fd455483801bfb4a827397e\">\u2014&nbsp;<em>Autor: Demys Alves Brito, DSPD\/Reitoria<\/em>&nbsp;\u2014&nbsp;<em>Adapta\u00e7\u00e3o: Francielma Assun\u00e7\u00e3o<\/em><\/p>\n\n\n\n<p class=\"has-text-align-center has-ast-global-color-8-color has-text-color has-link-color wp-elements-bcc5b0667dcbdf9dc21b32d234cc7c21\"><strong>Observa\u00e7\u00e3o<\/strong>: O docente dever\u00e1 conferir se o hor\u00e1rio de aula est\u00e1 corretamente preenchido no sistema e se a turma encontra-se com o status&nbsp;<strong>ABERTA<\/strong>.<\/p>\n\n\n\n<figure class=\"wp-block-image aligncenter size-full is-resized\"><img loading=\"lazy\" decoding=\"async\" width=\"600\" height=\"418\" src=\"https:\/\/wiki.uepa.br\/wp-content\/uploads\/2024\/02\/image-7.png\" alt=\"\" class=\"wp-image-154\" style=\"width:486px\" srcset=\"https:\/\/wiki.uepa.br\/wp-content\/uploads\/2024\/02\/image-7.png 600w, https:\/\/wiki.uepa.br\/wp-content\/uploads\/2024\/02\/image-7-300x209.png 300w\" sizes=\"(max-width: 600px) 100vw, 600px\" \/><\/figure>\n","protected":false},"excerpt":{"rendered":"<p>Para o lan\u00e7amento de frequ\u00eancia dos alunos, existe mais de uma maneira. Lan\u00e7ar Frequ\u00eancia Lan\u00e7ar Frequ\u00eancia em Planilha \u2014&nbsp;Autor: Demys Alves Brito, DSPD\/Reitoria&nbsp;\u2014&nbsp;Adapta\u00e7\u00e3o: Francielma Assun\u00e7\u00e3o Observa\u00e7\u00e3o: O docente dever\u00e1 conferir se o hor\u00e1rio de aula est\u00e1 corretamente preenchido no sistema e se a turma encontra-se com o status&nbsp;ABERTA.<\/p>\n","protected":false},"author":1,"featured_media":0,"parent":140,"menu_order":0,"comment_status":"closed","ping_status":"closed","template":"","meta":{"_uag_custom_page_level_css":"","site-sidebar-layout":"default","site-content-layout":"","ast-site-content-layout":"","site-content-style":"default","site-sidebar-style":"default","ast-global-header-display":"","ast-banner-title-visibility":"","ast-main-header-display":"","ast-hfb-above-header-display":"","ast-hfb-below-header-display":"","ast-hfb-mobile-header-display":"","site-post-title":"","ast-breadcrumbs-content":"","ast-featured-img":"","footer-sml-layout":"","theme-transparent-header-meta":"","adv-header-id-meta":"","stick-header-meta":"","header-above-stick-meta":"","header-main-stick-meta":"","header-below-stick-meta":"","astra-migrate-meta-layouts":"","ast-page-background-enabled":"default","ast-page-background-meta":{"desktop":{"background-color":"var(--ast-global-color-4)","background-image":"","background-repeat":"repeat","background-position":"center center","background-size":"auto","background-attachment":"scroll","background-type":"","background-media":"","overlay-type":"","overlay-color":"","overlay-gradient":""},"tablet":{"background-color":"","background-image":"","background-repeat":"repeat","background-position":"center center","background-size":"auto","background-attachment":"scroll","background-type":"","background-media":"","overlay-type":"","overlay-color":"","overlay-gradient":""},"mobile":{"background-color":"","background-image":"","background-repeat":"repeat","background-position":"center center","background-size":"auto","background-attachment":"scroll","background-type":"","background-media":"","overlay-type":"","overlay-color":"","overlay-gradient":""}},"ast-content-background-meta":{"desktop":{"background-color":"var(--ast-global-color-5)","background-image":"","background-repeat":"repeat","background-position":"center center","background-size":"auto","background-attachment":"scroll","background-type":"","background-media":"","overlay-type":"","overlay-color":"","overlay-gradient":""},"tablet":{"background-color":"var(--ast-global-color-5)","background-image":"","background-repeat":"repeat","background-position":"center center","background-size":"auto","background-attachment":"scroll","background-type":"","background-media":"","overlay-type":"","overlay-color":"","overlay-gradient":""},"mobile":{"background-color":"var(--ast-global-color-5)","background-image":"","background-repeat":"repeat","background-position":"center center","background-size":"auto","background-attachment":"scroll","background-type":"","background-media":"","overlay-type":"","overlay-color":"","overlay-gradient":""}},"footnotes":""},"uagb_featured_image_src":{"full":false,"thumbnail":false,"medium":false,"medium_large":false,"large":false,"1536x1536":false,"2048x2048":false},"uagb_author_info":{"display_name":"adminsites@uepa.br","author_link":"https:\/\/wiki.uepa.br\/index.php\/author\/adminsitesuepa-br\/"},"uagb_comment_info":0,"uagb_excerpt":"Para o lan\u00e7amento de frequ\u00eancia dos alunos, existe mais de uma maneira. Lan\u00e7ar Frequ\u00eancia Lan\u00e7ar Frequ\u00eancia em Planilha \u2014&nbsp;Autor: Demys Alves Brito, DSPD\/Reitoria&nbsp;\u2014&nbsp;Adapta\u00e7\u00e3o: Francielma Assun\u00e7\u00e3o Observa\u00e7\u00e3o: O docente dever\u00e1 conferir se o hor\u00e1rio de aula est\u00e1 corretamente preenchido no sistema e se a turma encontra-se com o status&nbsp;ABERTA.","_links":{"self":[{"href":"https:\/\/wiki.uepa.br\/index.php\/wp-json\/wp\/v2\/pages\/152"}],"collection":[{"href":"https:\/\/wiki.uepa.br\/index.php\/wp-json\/wp\/v2\/pages"}],"about":[{"href":"https:\/\/wiki.uepa.br\/index.php\/wp-json\/wp\/v2\/types\/page"}],"author":[{"embeddable":true,"href":"https:\/\/wiki.uepa.br\/index.php\/wp-json\/wp\/v2\/users\/1"}],"replies":[{"embeddable":true,"href":"https:\/\/wiki.uepa.br\/index.php\/wp-json\/wp\/v2\/comments?post=152"}],"version-history":[{"count":4,"href":"https:\/\/wiki.uepa.br\/index.php\/wp-json\/wp\/v2\/pages\/152\/revisions"}],"predecessor-version":[{"id":944,"href":"https:\/\/wiki.uepa.br\/index.php\/wp-json\/wp\/v2\/pages\/152\/revisions\/944"}],"up":[{"embeddable":true,"href":"https:\/\/wiki.uepa.br\/index.php\/wp-json\/wp\/v2\/pages\/140"}],"wp:attachment":[{"href":"https:\/\/wiki.uepa.br\/index.php\/wp-json\/wp\/v2\/media?parent=152"}],"curies":[{"name":"wp","href":"https:\/\/api.w.org\/{rel}","templated":true}]}}