{"id":162,"date":"2024-02-20T14:09:25","date_gmt":"2024-02-20T14:09:25","guid":{"rendered":"https:\/\/wiki.uepa.br\/?page_id=162"},"modified":"2025-09-26T17:55:03","modified_gmt":"2025-09-26T17:55:03","slug":"conteudo-programado","status":"publish","type":"page","link":"https:\/\/wiki.uepa.br\/index.php\/turma-virtual-docente\/conteudo-programado\/","title":{"rendered":"Conte\u00fado Programado"},"content":{"rendered":"\n<p class=\"has-text-align-center has-ast-global-color-8-color has-text-color has-link-color wp-elements-aeb56621bdaa78a7470de2bbcfaee5d8\">Esta funcionalidade permite verificar e inserir o conte\u00fado planejado pelo docente para os alunos durante um determinado per\u00edodo de aulas, por meio de t\u00f3picos de aula. Mediante esses t\u00f3picos, o professor poder\u00e1 incluir materiais e tarefas para os alunos da sua turma.<\/p>\n\n\n\n<ul class=\"has-ast-global-color-8-color has-text-color has-link-color wp-elements-30da05a1c0ca4fc3bcf80f7275fea4ef\">\n<li>Para isso, acesse o SIGAA UEPA \u00bb M\u00f3dulos \u00bb Portal do Docente \u00bb Minhas turmas no semestre \u00bb Componente Curricular \u00bb Menu Turma Virtual \u00bb Turma \u00bb Conte\u00fado Programado.<\/li>\n<\/ul>\n\n\n\n<figure class=\"wp-block-image aligncenter size-full\"><img loading=\"lazy\" decoding=\"async\" width=\"192\" height=\"193\" src=\"https:\/\/wiki.uepa.br\/wp-content\/uploads\/2025\/09\/conteudo_programado.png\" alt=\"\" class=\"wp-image-902\" srcset=\"https:\/\/wiki.uepa.br\/wp-content\/uploads\/2025\/09\/conteudo_programado.png 192w, https:\/\/wiki.uepa.br\/wp-content\/uploads\/2025\/09\/conteudo_programado-150x150.png 150w\" sizes=\"(max-width: 192px) 100vw, 192px\" \/><\/figure>\n\n\n\n<ul class=\"has-ast-global-color-8-color has-text-color has-link-color wp-elements-6da7fd6db9cb5a84985f9931fc649e7e\">\n<li>A tela a seguir ser\u00e1 exibida:<\/li>\n<\/ul>\n\n\n\n<figure class=\"wp-block-image aligncenter size-full\"><img loading=\"lazy\" decoding=\"async\" width=\"854\" height=\"454\" src=\"https:\/\/wiki.uepa.br\/wp-content\/uploads\/2025\/09\/gerenciar_topicos_de_aula.png\" alt=\"\" class=\"wp-image-903\" srcset=\"https:\/\/wiki.uepa.br\/wp-content\/uploads\/2025\/09\/gerenciar_topicos_de_aula.png 854w, https:\/\/wiki.uepa.br\/wp-content\/uploads\/2025\/09\/gerenciar_topicos_de_aula-300x159.png 300w, https:\/\/wiki.uepa.br\/wp-content\/uploads\/2025\/09\/gerenciar_topicos_de_aula-768x408.png 768w\" sizes=\"(max-width: 854px) 100vw, 854px\" \/><\/figure>\n\n\n\n<figure class=\"wp-block-image aligncenter size-full is-resized\"><img loading=\"lazy\" decoding=\"async\" width=\"680\" height=\"252\" src=\"https:\/\/wiki.uepa.br\/wp-content\/uploads\/2025\/09\/image-11.png\" alt=\"\" class=\"wp-image-905\" style=\"width:669px;height:auto\" srcset=\"https:\/\/wiki.uepa.br\/wp-content\/uploads\/2025\/09\/image-11.png 680w, https:\/\/wiki.uepa.br\/wp-content\/uploads\/2025\/09\/image-11-300x111.png 300w\" sizes=\"(max-width: 680px) 100vw, 680px\" \/><\/figure>\n\n\n\n<figure class=\"wp-block-image aligncenter size-full\"><img loading=\"lazy\" decoding=\"async\" width=\"957\" height=\"437\" src=\"https:\/\/wiki.uepa.br\/wp-content\/uploads\/2025\/09\/conteudo_programado2.png\" alt=\"\" class=\"wp-image-906\" srcset=\"https:\/\/wiki.uepa.br\/wp-content\/uploads\/2025\/09\/conteudo_programado2.png 957w, https:\/\/wiki.uepa.br\/wp-content\/uploads\/2025\/09\/conteudo_programado2-300x137.png 300w, https:\/\/wiki.uepa.br\/wp-content\/uploads\/2025\/09\/conteudo_programado2-768x351.png 768w\" sizes=\"(max-width: 957px) 100vw, 957px\" \/><\/figure>\n","protected":false},"excerpt":{"rendered":"<p>Esta funcionalidade permite verificar e inserir o conte\u00fado planejado pelo docente para os alunos durante um determinado per\u00edodo de aulas, por meio de t\u00f3picos de aula. Mediante esses t\u00f3picos, o professor poder\u00e1 incluir materiais e tarefas para os alunos da sua turma.<\/p>\n","protected":false},"author":1,"featured_media":0,"parent":140,"menu_order":0,"comment_status":"closed","ping_status":"closed","template":"","meta":{"_uag_custom_page_level_css":"","site-sidebar-layout":"default","site-content-layout":"","ast-site-content-layout":"","site-content-style":"default","site-sidebar-style":"default","ast-global-header-display":"","ast-banner-title-visibility":"","ast-main-header-display":"","ast-hfb-above-header-display":"","ast-hfb-below-header-display":"","ast-hfb-mobile-header-display":"","site-post-title":"","ast-breadcrumbs-content":"","ast-featured-img":"","footer-sml-layout":"","theme-transparent-header-meta":"","adv-header-id-meta":"","stick-header-meta":"","header-above-stick-meta":"","header-main-stick-meta":"","header-below-stick-meta":"","astra-migrate-meta-layouts":"","ast-page-background-enabled":"default","ast-page-background-meta":{"desktop":{"background-color":"var(--ast-global-color-4)","background-image":"","background-repeat":"repeat","background-position":"center center","background-size":"auto","background-attachment":"scroll","background-type":"","background-media":"","overlay-type":"","overlay-color":"","overlay-gradient":""},"tablet":{"background-color":"","background-image":"","background-repeat":"repeat","background-position":"center center","background-size":"auto","background-attachment":"scroll","background-type":"","background-media":"","overlay-type":"","overlay-color":"","overlay-gradient":""},"mobile":{"background-color":"","background-image":"","background-repeat":"repeat","background-position":"center center","background-size":"auto","background-attachment":"scroll","background-type":"","background-media":"","overlay-type":"","overlay-color":"","overlay-gradient":""}},"ast-content-background-meta":{"desktop":{"background-color":"var(--ast-global-color-5)","background-image":"","background-repeat":"repeat","background-position":"center center","background-size":"auto","background-attachment":"scroll","background-type":"","background-media":"","overlay-type":"","overlay-color":"","overlay-gradient":""},"tablet":{"background-color":"var(--ast-global-color-5)","background-image":"","background-repeat":"repeat","background-position":"center center","background-size":"auto","background-attachment":"scroll","background-type":"","background-media":"","overlay-type":"","overlay-color":"","overlay-gradient":""},"mobile":{"background-color":"var(--ast-global-color-5)","background-image":"","background-repeat":"repeat","background-position":"center center","background-size":"auto","background-attachment":"scroll","background-type":"","background-media":"","overlay-type":"","overlay-color":"","overlay-gradient":""}},"footnotes":""},"uagb_featured_image_src":{"full":false,"thumbnail":false,"medium":false,"medium_large":false,"large":false,"1536x1536":false,"2048x2048":false},"uagb_author_info":{"display_name":"adminsites@uepa.br","author_link":"https:\/\/wiki.uepa.br\/index.php\/author\/adminsitesuepa-br\/"},"uagb_comment_info":0,"uagb_excerpt":"Esta funcionalidade permite verificar e inserir o conte\u00fado planejado pelo docente para os alunos durante um determinado per\u00edodo de aulas, por meio de t\u00f3picos de aula. Mediante esses t\u00f3picos, o professor poder\u00e1 incluir materiais e tarefas para os alunos da sua turma.","_links":{"self":[{"href":"https:\/\/wiki.uepa.br\/index.php\/wp-json\/wp\/v2\/pages\/162"}],"collection":[{"href":"https:\/\/wiki.uepa.br\/index.php\/wp-json\/wp\/v2\/pages"}],"about":[{"href":"https:\/\/wiki.uepa.br\/index.php\/wp-json\/wp\/v2\/types\/page"}],"author":[{"embeddable":true,"href":"https:\/\/wiki.uepa.br\/index.php\/wp-json\/wp\/v2\/users\/1"}],"replies":[{"embeddable":true,"href":"https:\/\/wiki.uepa.br\/index.php\/wp-json\/wp\/v2\/comments?post=162"}],"version-history":[{"count":2,"href":"https:\/\/wiki.uepa.br\/index.php\/wp-json\/wp\/v2\/pages\/162\/revisions"}],"predecessor-version":[{"id":907,"href":"https:\/\/wiki.uepa.br\/index.php\/wp-json\/wp\/v2\/pages\/162\/revisions\/907"}],"up":[{"embeddable":true,"href":"https:\/\/wiki.uepa.br\/index.php\/wp-json\/wp\/v2\/pages\/140"}],"wp:attachment":[{"href":"https:\/\/wiki.uepa.br\/index.php\/wp-json\/wp\/v2\/media?parent=162"}],"curies":[{"name":"wp","href":"https:\/\/api.w.org\/{rel}","templated":true}]}}