{"id":165,"date":"2024-02-20T14:14:39","date_gmt":"2024-02-20T14:14:39","guid":{"rendered":"https:\/\/wiki.uepa.br\/?page_id=165"},"modified":"2025-09-26T17:52:12","modified_gmt":"2025-09-26T17:52:12","slug":"registrar-aula-extra","status":"publish","type":"page","link":"https:\/\/wiki.uepa.br\/index.php\/turma-virtual-docente\/registrar-aula-extra\/","title":{"rendered":"Registrar Aula Extra"},"content":{"rendered":"\n<p class=\"has-text-align-center has-ast-global-color-8-color has-text-color has-link-color wp-elements-05fecf869616a3ae883a926c5099a377\">Esta funcionalidade permite ao docente realizar o cadastro de uma aula extra. Ao registrar uma aula extra, o sistema cadastra automaticamente um t\u00f3pico de aula referente a mesma. A descri\u00e7\u00e3o do t\u00f3pico de aula passa a ser a descri\u00e7\u00e3o da aula extra e o conte\u00fado do t\u00f3pico passa a ter as observa\u00e7\u00f5es das aulas. O t\u00f3pico n\u00e3o possui nenhuma rela\u00e7\u00e3o de depend\u00eancia com a aula extra, ao deletar ou alterar uma aula extra o t\u00f3pico de aula continua o mesmo.<\/p>\n\n\n\n<ul class=\"has-ast-global-color-8-color has-text-color has-link-color wp-elements-29097ed7ab3ace9dad60e7e134ef6a0c\">\n<li>Para&nbsp;<em><strong>Registrar Aula Extra<\/strong><\/em>, acesse o SIGAA \u00bb M\u00f3dulos \u00bb Portal do Docente \u00bb Minhas turmas no semestre \u00bb Componente Curricular \u00bb Menu Turma Virtual \u00bb Turma \u00bb Registrar Aula Extra.<\/li>\n<\/ul>\n\n\n\n<figure class=\"wp-block-image aligncenter size-full\"><img loading=\"lazy\" decoding=\"async\" width=\"193\" height=\"283\" src=\"https:\/\/wiki.uepa.br\/wp-content\/uploads\/2025\/09\/registrar_aula_extra.png\" alt=\"\" class=\"wp-image-869\"\/><\/figure>\n\n\n\n<ul class=\"has-ast-global-color-8-color has-text-color has-link-color wp-elements-a6c53b9ca66fdcd656bdbf123b755a6e\">\n<li>Clique em&nbsp;<strong>CADASTRAR AULA EXTRA<\/strong>&nbsp;para efetuar o cadastro da aula extra.<\/li>\n<\/ul>\n\n\n\n<figure class=\"wp-block-image aligncenter size-full\"><img loading=\"lazy\" decoding=\"async\" width=\"372\" height=\"110\" src=\"https:\/\/wiki.uepa.br\/wp-content\/uploads\/2025\/09\/registrar_aula_extra1.png\" alt=\"\" class=\"wp-image-874\" srcset=\"https:\/\/wiki.uepa.br\/wp-content\/uploads\/2025\/09\/registrar_aula_extra1.png 372w, https:\/\/wiki.uepa.br\/wp-content\/uploads\/2025\/09\/registrar_aula_extra1-300x89.png 300w\" sizes=\"(max-width: 372px) 100vw, 372px\" \/><\/figure>\n\n\n\n<ul class=\"has-ast-global-color-8-color has-text-color has-link-color wp-elements-732b1fe6e311dee786a1f5ca2da428b9\">\n<li>A seguinte tela ser\u00e1 exibida:<\/li>\n<\/ul>\n\n\n\n<figure class=\"wp-block-image aligncenter size-full\"><img loading=\"lazy\" decoding=\"async\" width=\"580\" height=\"442\" src=\"https:\/\/wiki.uepa.br\/wp-content\/uploads\/2025\/09\/registrar_aula_extra2.png\" alt=\"\" class=\"wp-image-876\" srcset=\"https:\/\/wiki.uepa.br\/wp-content\/uploads\/2025\/09\/registrar_aula_extra2.png 580w, https:\/\/wiki.uepa.br\/wp-content\/uploads\/2025\/09\/registrar_aula_extra2-300x229.png 300w\" sizes=\"(max-width: 580px) 100vw, 580px\" \/><\/figure>\n\n\n\n<hr class=\"wp-block-separator has-alpha-channel-opacity\"\/>\n\n\n\n<p class=\"has-text-align-center has-ast-global-color-8-color has-text-color has-link-color wp-elements-d08eeb9948e387b049132af3a568f334\"><strong>Observa\u00e7\u00e3o:<\/strong>&nbsp;Ser\u00e1 necess\u00e1rio preencher os seguintes \u00edtens:<\/p>\n\n\n\n<ul class=\"has-ast-global-color-8-color has-text-color has-link-color wp-elements-c59529ec9bcea6a10702727df21f317e\">\n<li><em>Data:<\/em>&nbsp;Informe a data em que ocorrer\u00e1 a aula extra;<\/li>\n\n\n\n<li><em>Tipo:<\/em>\n<ul>\n<li><em>Adicional;<\/em><\/li>\n\n\n\n<li><em>Reposi\u00e7\u00e3o;<\/em><\/li>\n\n\n\n<li><em>Reposi\u00e7\u00e3o (devido \u00e0 greve).<\/em><\/li>\n<\/ul>\n<\/li>\n\n\n\n<li><em>N\u00famero de Aulas:<\/em>&nbsp;Forne\u00e7a o n\u00famero de aulas extras desejadas, sabendo que cada aula tem a dura\u00e7\u00e3o de 50 minutos;<\/li>\n\n\n\n<li><em>Descri\u00e7\u00e3o:<\/em>&nbsp;Informe o conte\u00fado a ser abordado, a metodologia, os objetivos e\/ou justificativas da aula extra a ser cadastrada;<\/li>\n\n\n\n<li><em>Observa\u00e7\u00f5es:<\/em>&nbsp;Descreva uma observa\u00e7\u00e3o adicional sobre a aula;<\/li>\n\n\n\n<li><em>Notificar:<\/em>&nbsp;Assinale esta op\u00e7\u00e3o caso queira enviar e-mails para notificar os discentes sobre a aula extra.<\/li>\n<\/ul>\n\n\n\n<hr class=\"wp-block-separator has-alpha-channel-opacity\"\/>\n\n\n\n<ul class=\"has-ast-global-color-8-color has-text-color has-link-color wp-elements-f7e9d9da08cf745e41dbd5e58390542e\">\n<li>Ap\u00f3s preencher os dados, basta clicar em&nbsp;<em><strong>Cadastrar<\/strong><\/em>. A seguinte mensagem ser\u00e1 exibida:<\/li>\n<\/ul>\n\n\n\n<figure class=\"wp-block-image aligncenter size-full\"><img loading=\"lazy\" decoding=\"async\" width=\"366\" height=\"63\" src=\"https:\/\/wiki.uepa.br\/wp-content\/uploads\/2025\/09\/registrar_aula_extra3.png\" alt=\"\" class=\"wp-image-881\" srcset=\"https:\/\/wiki.uepa.br\/wp-content\/uploads\/2025\/09\/registrar_aula_extra3.png 366w, https:\/\/wiki.uepa.br\/wp-content\/uploads\/2025\/09\/registrar_aula_extra3-300x52.png 300w\" sizes=\"(max-width: 366px) 100vw, 366px\" \/><\/figure>\n\n\n\n<hr class=\"wp-block-separator has-alpha-channel-opacity\"\/>\n\n\n\n<h3 class=\"wp-block-heading has-text-align-center\" id=\"alterar_aula_extra\"><strong>Alterar Aula Extra<\/strong><\/h3>\n\n\n\n<ul class=\"has-ast-global-color-8-color has-text-color has-link-color wp-elements-b29410e32902344753a2a536078c4235\">\n<li>Caso queira&nbsp;<strong>alterar uma aula extra<\/strong>, acesse o Menu Turma Virtual \u00bb Turma \u00bb Registrar Aula Extra. E clique no \u00edcone&nbsp;<a href=\"https:\/\/ewiki.uepa.br\/lib\/exe\/detail.php?id=docentes%3Aturma_virtual%3Aregistrar_aula_extra&amp;media=docentes:turma_virtual:editar.png\"><\/a>.<\/li>\n<\/ul>\n\n\n\n<figure class=\"wp-block-image aligncenter size-full\"><img loading=\"lazy\" decoding=\"async\" width=\"868\" height=\"200\" src=\"https:\/\/wiki.uepa.br\/wp-content\/uploads\/2025\/09\/registrar_aula_extra4.png\" alt=\"\" class=\"wp-image-882\" srcset=\"https:\/\/wiki.uepa.br\/wp-content\/uploads\/2025\/09\/registrar_aula_extra4.png 868w, https:\/\/wiki.uepa.br\/wp-content\/uploads\/2025\/09\/registrar_aula_extra4-300x69.png 300w, https:\/\/wiki.uepa.br\/wp-content\/uploads\/2025\/09\/registrar_aula_extra4-768x177.png 768w\" sizes=\"(max-width: 868px) 100vw, 868px\" \/><\/figure>\n\n\n\n<ul class=\"has-ast-global-color-8-color has-text-color has-link-color wp-elements-5ad433b8f8420536b7aa1056d997a166\">\n<li>Os mesmos crit\u00e9rios apresentados na tela Nova Aula Extra ser\u00e3o apresentados para poss\u00edveis altera\u00e7\u00f5es.Ap\u00f3s modificar os dados desejados, clique em&nbsp;<strong>Atualizar Dados<\/strong>. A seguinte tela, com uma mensagem de sucesso no topo, ser\u00e1 exibida:<\/li>\n<\/ul>\n\n\n\n<figure class=\"wp-block-image aligncenter size-full\"><img loading=\"lazy\" decoding=\"async\" width=\"596\" height=\"229\" src=\"https:\/\/wiki.uepa.br\/wp-content\/uploads\/2025\/09\/registrar_aula_extra5.png\" alt=\"\" class=\"wp-image-885\" srcset=\"https:\/\/wiki.uepa.br\/wp-content\/uploads\/2025\/09\/registrar_aula_extra5.png 596w, https:\/\/wiki.uepa.br\/wp-content\/uploads\/2025\/09\/registrar_aula_extra5-300x115.png 300w\" sizes=\"(max-width: 596px) 100vw, 596px\" \/><\/figure>\n\n\n\n<hr class=\"wp-block-separator has-alpha-channel-opacity\"\/>\n\n\n\n<h3 class=\"wp-block-heading has-text-align-center\" id=\"remover_aula_extra\"><strong>Remover Aula Extra<\/strong><\/h3>\n\n\n\n<figure class=\"wp-block-image aligncenter size-full\"><img loading=\"lazy\" decoding=\"async\" width=\"868\" height=\"200\" src=\"https:\/\/wiki.uepa.br\/wp-content\/uploads\/2025\/09\/registrar_aula_extra4-1.png\" alt=\"\" class=\"wp-image-887\" srcset=\"https:\/\/wiki.uepa.br\/wp-content\/uploads\/2025\/09\/registrar_aula_extra4-1.png 868w, https:\/\/wiki.uepa.br\/wp-content\/uploads\/2025\/09\/registrar_aula_extra4-1-300x69.png 300w, https:\/\/wiki.uepa.br\/wp-content\/uploads\/2025\/09\/registrar_aula_extra4-1-768x177.png 768w\" sizes=\"(max-width: 868px) 100vw, 868px\" \/><\/figure>\n\n\n\n<ul class=\"has-ast-global-color-8-color has-text-color has-link-color wp-elements-9ba87f2d517c55b935a97e1c57a94f18\">\n<li>Para&nbsp;<strong>Remover<\/strong>&nbsp;uma aula extra, basta clicar no \u00edcone&nbsp;<a href=\"https:\/\/ewiki.uepa.br\/lib\/exe\/detail.php?id=docentes%3Aturma_virtual%3Aregistrar_aula_extra&amp;media=docentes:turma_virtual:lixeira.png\"><\/a>&nbsp;e a seguinte caixa de di\u00e1logo ser\u00e1 exibida:<\/li>\n<\/ul>\n\n\n\n<figure class=\"wp-block-image aligncenter size-full\"><img loading=\"lazy\" decoding=\"async\" width=\"308\" height=\"139\" src=\"https:\/\/wiki.uepa.br\/wp-content\/uploads\/2025\/09\/registrar_aula_extra7.png\" alt=\"\" class=\"wp-image-888\" srcset=\"https:\/\/wiki.uepa.br\/wp-content\/uploads\/2025\/09\/registrar_aula_extra7.png 308w, https:\/\/wiki.uepa.br\/wp-content\/uploads\/2025\/09\/registrar_aula_extra7-300x135.png 300w\" sizes=\"(max-width: 308px) 100vw, 308px\" \/><\/figure>\n\n\n\n<ul class=\"has-ast-global-color-8-color has-text-color has-link-color wp-elements-25b0b9c394579f08dc4bb7bacf38e48b\">\n<li>Para confirmar a remo\u00e7\u00e3o da aula, clique em&nbsp;<strong>OK<\/strong>. O usu\u00e1rio ser\u00e1 reencaminhado para a tela Aulas Extras e a seguinte mensagem de sucesso surgir\u00e1 no topo da p\u00e1gina:<\/li>\n<\/ul>\n\n\n\n<figure class=\"wp-block-image aligncenter size-full\"><img loading=\"lazy\" decoding=\"async\" width=\"321\" height=\"61\" src=\"https:\/\/wiki.uepa.br\/wp-content\/uploads\/2025\/09\/registrar_aula_extra6.png\" alt=\"\" class=\"wp-image-889\" srcset=\"https:\/\/wiki.uepa.br\/wp-content\/uploads\/2025\/09\/registrar_aula_extra6.png 321w, https:\/\/wiki.uepa.br\/wp-content\/uploads\/2025\/09\/registrar_aula_extra6-300x57.png 300w\" sizes=\"(max-width: 321px) 100vw, 321px\" \/><\/figure>\n","protected":false},"excerpt":{"rendered":"<p>Esta funcionalidade permite ao docente realizar o cadastro de uma aula extra. Ao registrar uma aula extra, o sistema cadastra automaticamente um t\u00f3pico de aula referente a mesma. A descri\u00e7\u00e3o do t\u00f3pico de aula passa a ser a descri\u00e7\u00e3o da aula extra e o conte\u00fado do t\u00f3pico passa a ter as observa\u00e7\u00f5es das aulas. O &hellip;<\/p>\n<p class=\"read-more\"> <a class=\"\" href=\"https:\/\/wiki.uepa.br\/index.php\/turma-virtual-docente\/registrar-aula-extra\/\"> <span class=\"screen-reader-text\">Registrar Aula Extra<\/span> Leia mais &raquo;<\/a><\/p>\n","protected":false},"author":1,"featured_media":0,"parent":140,"menu_order":0,"comment_status":"closed","ping_status":"closed","template":"","meta":{"_uag_custom_page_level_css":"","site-sidebar-layout":"default","site-content-layout":"","ast-site-content-layout":"","site-content-style":"default","site-sidebar-style":"default","ast-global-header-display":"","ast-banner-title-visibility":"","ast-main-header-display":"","ast-hfb-above-header-display":"","ast-hfb-below-header-display":"","ast-hfb-mobile-header-display":"","site-post-title":"","ast-breadcrumbs-content":"","ast-featured-img":"","footer-sml-layout":"","theme-transparent-header-meta":"","adv-header-id-meta":"","stick-header-meta":"","header-above-stick-meta":"","header-main-stick-meta":"","header-below-stick-meta":"","astra-migrate-meta-layouts":"","ast-page-background-enabled":"default","ast-page-background-meta":{"desktop":{"background-color":"var(--ast-global-color-4)","background-image":"","background-repeat":"repeat","background-position":"center center","background-size":"auto","background-attachment":"scroll","background-type":"","background-media":"","overlay-type":"","overlay-color":"","overlay-gradient":""},"tablet":{"background-color":"","background-image":"","background-repeat":"repeat","background-position":"center center","background-size":"auto","background-attachment":"scroll","background-type":"","background-media":"","overlay-type":"","overlay-color":"","overlay-gradient":""},"mobile":{"background-color":"","background-image":"","background-repeat":"repeat","background-position":"center center","background-size":"auto","background-attachment":"scroll","background-type":"","background-media":"","overlay-type":"","overlay-color":"","overlay-gradient":""}},"ast-content-background-meta":{"desktop":{"background-color":"var(--ast-global-color-5)","background-image":"","background-repeat":"repeat","background-position":"center center","background-size":"auto","background-attachment":"scroll","background-type":"","background-media":"","overlay-type":"","overlay-color":"","overlay-gradient":""},"tablet":{"background-color":"var(--ast-global-color-5)","background-image":"","background-repeat":"repeat","background-position":"center center","background-size":"auto","background-attachment":"scroll","background-type":"","background-media":"","overlay-type":"","overlay-color":"","overlay-gradient":""},"mobile":{"background-color":"var(--ast-global-color-5)","background-image":"","background-repeat":"repeat","background-position":"center center","background-size":"auto","background-attachment":"scroll","background-type":"","background-media":"","overlay-type":"","overlay-color":"","overlay-gradient":""}},"footnotes":""},"uagb_featured_image_src":{"full":false,"thumbnail":false,"medium":false,"medium_large":false,"large":false,"1536x1536":false,"2048x2048":false},"uagb_author_info":{"display_name":"adminsites@uepa.br","author_link":"https:\/\/wiki.uepa.br\/index.php\/author\/adminsitesuepa-br\/"},"uagb_comment_info":0,"uagb_excerpt":"Esta funcionalidade permite ao docente realizar o cadastro de uma aula extra. Ao registrar uma aula extra, o sistema cadastra automaticamente um t\u00f3pico de aula referente a mesma. A descri\u00e7\u00e3o do t\u00f3pico de aula passa a ser a descri\u00e7\u00e3o da aula extra e o conte\u00fado do t\u00f3pico passa a ter as observa\u00e7\u00f5es das aulas. O&hellip;","_links":{"self":[{"href":"https:\/\/wiki.uepa.br\/index.php\/wp-json\/wp\/v2\/pages\/165"}],"collection":[{"href":"https:\/\/wiki.uepa.br\/index.php\/wp-json\/wp\/v2\/pages"}],"about":[{"href":"https:\/\/wiki.uepa.br\/index.php\/wp-json\/wp\/v2\/types\/page"}],"author":[{"embeddable":true,"href":"https:\/\/wiki.uepa.br\/index.php\/wp-json\/wp\/v2\/users\/1"}],"replies":[{"embeddable":true,"href":"https:\/\/wiki.uepa.br\/index.php\/wp-json\/wp\/v2\/comments?post=165"}],"version-history":[{"count":3,"href":"https:\/\/wiki.uepa.br\/index.php\/wp-json\/wp\/v2\/pages\/165\/revisions"}],"predecessor-version":[{"id":890,"href":"https:\/\/wiki.uepa.br\/index.php\/wp-json\/wp\/v2\/pages\/165\/revisions\/890"}],"up":[{"embeddable":true,"href":"https:\/\/wiki.uepa.br\/index.php\/wp-json\/wp\/v2\/pages\/140"}],"wp:attachment":[{"href":"https:\/\/wiki.uepa.br\/index.php\/wp-json\/wp\/v2\/media?parent=165"}],"curies":[{"name":"wp","href":"https:\/\/api.w.org\/{rel}","templated":true}]}}