{"id":176,"date":"2024-02-20T14:36:41","date_gmt":"2024-02-20T14:36:41","guid":{"rendered":"https:\/\/wiki.uepa.br\/?page_id=176"},"modified":"2025-09-25T16:21:46","modified_gmt":"2025-09-25T16:21:46","slug":"inserir-arquivo-na-turma","status":"publish","type":"page","link":"https:\/\/wiki.uepa.br\/index.php\/turma-virtual-docente\/inserir-arquivo-na-turma\/","title":{"rendered":"Inserir Arquivo na Turma"},"content":{"rendered":"\n<ul class=\"has-ast-global-color-8-color has-text-color has-link-color wp-elements-0ccf89252cafcb34100bf93a35a6b485\">\n<li>Para inserir arquivos na Turma, acesse o SIGAA-UEPA \u00bb M\u00f3dulos \u00bb Portal do Docente \u00bb Minhas Turmas no Semestre \u00bb Componente Curricular \u00bb Menu Turma Virtual \u00bb Materiais \u00bb Inserir Arquivo na Turma.<\/li>\n<\/ul>\n\n\n\n<figure class=\"wp-block-image aligncenter size-full\"><img loading=\"lazy\" decoding=\"async\" width=\"224\" height=\"279\" src=\"https:\/\/wiki.uepa.br\/wp-content\/uploads\/2025\/09\/inserir_docs.png\" alt=\"\" class=\"wp-image-581\"\/><\/figure>\n\n\n\n<ul class=\"has-ast-global-color-8-color has-text-color has-link-color wp-elements-4442e2088c4c3636be2a9ec51dba7862\">\n<li>Ao clicar em&nbsp;<strong>Inserir Arquivo na Turma<\/strong>, o sistema exibir\u00e1 a seguinte tela:<\/li>\n<\/ul>\n\n\n\n<figure class=\"wp-block-image aligncenter size-full\"><img loading=\"lazy\" decoding=\"async\" width=\"876\" height=\"602\" src=\"https:\/\/wiki.uepa.br\/wp-content\/uploads\/2025\/09\/inserir_docs_1-1.png\" alt=\"\" class=\"wp-image-584\" srcset=\"https:\/\/wiki.uepa.br\/wp-content\/uploads\/2025\/09\/inserir_docs_1-1.png 876w, https:\/\/wiki.uepa.br\/wp-content\/uploads\/2025\/09\/inserir_docs_1-1-300x206.png 300w, https:\/\/wiki.uepa.br\/wp-content\/uploads\/2025\/09\/inserir_docs_1-1-768x528.png 768w\" sizes=\"(max-width: 876px) 100vw, 876px\" \/><\/figure>\n\n\n\n<p class=\"has-text-align-center has-ast-global-color-8-color has-text-color has-link-color wp-elements-1b18a823e31c466aa9437265efcb3e1c\">O docente dever\u00e1 preencher os seguintes dados:<\/p>\n\n\n\n<h3 class=\"wp-block-heading has-text-align-center has-ast-global-color-8-color has-text-color has-link-color wp-elements-aaf865f50b809edbfa3d4bb4bd6a422e\" id=\"dados_gerais_dos_arquivos\"><strong>Dados Gerais dos Arquivos<\/strong><\/h3>\n\n\n\n<p class=\"has-text-align-center has-ast-global-color-8-color has-text-color has-link-color wp-elements-0af43ecd17795d2136dfa07b9664dad1\"><strong>Pasta<\/strong>: Informe em qual pasta deseja incluir o arquivo.<\/p>\n\n\n\n<figure class=\"wp-block-image aligncenter size-full\"><img loading=\"lazy\" decoding=\"async\" width=\"500\" height=\"57\" src=\"https:\/\/wiki.uepa.br\/wp-content\/uploads\/2025\/09\/image-20.png\" alt=\"\" class=\"wp-image-586\" srcset=\"https:\/\/wiki.uepa.br\/wp-content\/uploads\/2025\/09\/image-20.png 500w, https:\/\/wiki.uepa.br\/wp-content\/uploads\/2025\/09\/image-20-300x34.png 300w\" sizes=\"(max-width: 500px) 100vw, 500px\" \/><\/figure>\n\n\n\n<p class=\"has-text-align-center has-ast-global-color-8-color has-text-color has-link-color wp-elements-83975c235a1690d02367ffbae4639a86\"><a href=\"https:\/\/ewiki.uepa.br\/lib\/exe\/detail.php?id=docentes%3Aturma_virtual%3Ainseri_arquivo_na_turma&amp;media=docentes:turma_virtual:inserir_docs_1.1.png\"><\/a>Caso queira criar uma nova pasta para inserir os arquivos, clique em&nbsp;<em><strong>Criar Nova Pasta<\/strong><\/em>, a seguinte janela ser\u00e1 exibida:<a href=\"https:\/\/ewiki.uepa.br\/lib\/exe\/detail.php?id=docentes%3Aturma_virtual%3Ainseri_arquivo_na_turma&amp;media=docentes:turma_virtual:criar_nova_pasta.png\"><\/a><\/p>\n\n\n\n<figure class=\"wp-block-image aligncenter size-full\"><img loading=\"lazy\" decoding=\"async\" width=\"400\" height=\"92\" src=\"https:\/\/wiki.uepa.br\/wp-content\/uploads\/2025\/09\/image-21.png\" alt=\"\" class=\"wp-image-587\" srcset=\"https:\/\/wiki.uepa.br\/wp-content\/uploads\/2025\/09\/image-21.png 400w, https:\/\/wiki.uepa.br\/wp-content\/uploads\/2025\/09\/image-21-300x69.png 300w\" sizes=\"(max-width: 400px) 100vw, 400px\" \/><\/figure>\n\n\n\n<p class=\"has-text-align-center has-ast-global-color-8-color has-text-color has-link-color wp-elements-31b67519de542aa93434fee3c5966479\">No campo&nbsp;<em>\u201cDentro de\u201d<\/em>&nbsp;selecione o local em que a pasta ser\u00e1 criada;<br>E no campo&nbsp;<em>\u201cNome\u201d<\/em>&nbsp;digite o nome para a pasta. Depois clique em&nbsp;<strong>Criar Pasta<\/strong>&nbsp;para confirmar a opera\u00e7\u00e3o, uma mensagem de sucesso ser\u00e1 exibida:<\/p>\n\n\n\n<figure class=\"wp-block-image aligncenter size-full\"><img loading=\"lazy\" decoding=\"async\" width=\"260\" height=\"32\" src=\"https:\/\/wiki.uepa.br\/wp-content\/uploads\/2025\/09\/pasta_criada_com_sucesso.png\" alt=\"\" class=\"wp-image-589\"\/><\/figure>\n\n\n\n<h3 class=\"wp-block-heading has-text-align-center\" id=\"arquivos\"><strong>Arquivos<\/strong><\/h3>\n\n\n\n<ul class=\"has-ast-global-color-8-color has-text-color has-link-color wp-elements-de0574d81287805112b351b6b3ac7041\">\n<li><strong>T\u00f3pico de Aula<\/strong>: Informe em qual t\u00f3pico de aula o arquivo ser\u00e1 associado, o sistema listar\u00e1 os t\u00f3picos dispon\u00edveis.(<em>Lembrando que esses t\u00f3picos s\u00e3o inseridos previamente pelo docente &#8211; consulte o link:&nbsp;<a href=\"https:\/\/ewiki.uepa.br\/doku.php?id=docentes:turma_virtual:docente_topicos_de_aula\">Criar t\u00f3picos de Aulas<\/a><\/em>)<\/li>\n\n\n\n<li><strong>Nome<\/strong>: Informe o nome do arquivo anexado;<\/li>\n\n\n\n<li><strong>Descri\u00e7\u00e3o<\/strong>: Descreva o conte\u00fado referente ao documento inserido;<\/li>\n\n\n\n<li><strong>Escolher Arquivo<\/strong>: Clique neste bot\u00e3o para fazer o upload do arquivo que deseja inserir (<em>O tamanho m\u00e1ximo do arquivo: 50&nbsp;<abbr title=\"Megabyte\">MB<\/abbr><\/em>). Ap\u00f3s selecion\u00e1-lo, clique em&nbsp;<strong>Adicionar<\/strong>.<\/li>\n<\/ul>\n\n\n\n<figure class=\"wp-block-image aligncenter size-full\"><img loading=\"lazy\" decoding=\"async\" width=\"602\" height=\"137\" src=\"https:\/\/wiki.uepa.br\/wp-content\/uploads\/2025\/09\/image-19-3.png\" alt=\"\" class=\"wp-image-595\" srcset=\"https:\/\/wiki.uepa.br\/wp-content\/uploads\/2025\/09\/image-19-3.png 602w, https:\/\/wiki.uepa.br\/wp-content\/uploads\/2025\/09\/image-19-3-300x68.png 300w\" sizes=\"(max-width: 602px) 100vw, 602px\" \/><\/figure>\n\n\n\n<h3 class=\"wp-block-heading has-text-align-center\" id=\"dados_finais_dos_arquivos\"><strong>Dados Finais dos Arquivos<\/strong><\/h3>\n\n\n\n<ul class=\"has-ast-global-color-8-color has-text-color has-link-color wp-elements-114cb58e47d4f90b035bb09b42ec5e7c\">\n<li><strong>Criar em<\/strong>: Selecione a(s) turma(s) em que deseja disponibilizar o arquivo (fica a crit\u00e9rio do docente disponibilizar o arquivo para outras turmas).<\/li>\n\n\n\n<li><strong>Notifica\u00e7\u00e3o<\/strong>: Selecione este item, caso para que os discentes da disciplina sejam notificados sobre a inser\u00e7\u00e3o do arquivo;<\/li>\n<\/ul>\n\n\n\n<figure class=\"wp-block-image aligncenter size-full\"><img loading=\"lazy\" decoding=\"async\" width=\"757\" height=\"165\" src=\"https:\/\/wiki.uepa.br\/wp-content\/uploads\/2025\/09\/inserir_docs_1.4.png\" alt=\"\" class=\"wp-image-596\" srcset=\"https:\/\/wiki.uepa.br\/wp-content\/uploads\/2025\/09\/inserir_docs_1.4.png 757w, https:\/\/wiki.uepa.br\/wp-content\/uploads\/2025\/09\/inserir_docs_1.4-300x65.png 300w\" sizes=\"(max-width: 757px) 100vw, 757px\" \/><\/figure>\n\n\n\n<ul class=\"has-ast-global-color-8-color has-text-color has-link-color wp-elements-5115dfec12ccd18e5fd177b04baf7a5b\">\n<li>Ap\u00f3s preencher os dados, clique em&nbsp;<strong>Enviar Arquivos<\/strong>&nbsp;para prosseguir a opera\u00e7\u00e3o. O sistema exibir\u00e1 uma mensagem de sucesso:<\/li>\n<\/ul>\n\n\n\n<figure class=\"wp-block-image aligncenter size-full\"><img loading=\"lazy\" decoding=\"async\" width=\"268\" height=\"32\" src=\"https:\/\/wiki.uepa.br\/wp-content\/uploads\/2025\/09\/arquivos_inseridos_com_sucesso.png\" alt=\"\" class=\"wp-image-597\"\/><\/figure>\n","protected":false},"excerpt":{"rendered":"<p>O docente dever\u00e1 preencher os seguintes dados: Dados Gerais dos Arquivos Pasta: Informe em qual pasta deseja incluir o arquivo. Caso queira criar uma nova pasta para inserir os arquivos, clique em&nbsp;Criar Nova Pasta, a seguinte janela ser\u00e1 exibida: No campo&nbsp;\u201cDentro de\u201d&nbsp;selecione o local em que a pasta ser\u00e1 criada;E no campo&nbsp;\u201cNome\u201d&nbsp;digite o nome para &hellip;<\/p>\n<p class=\"read-more\"> <a class=\"\" href=\"https:\/\/wiki.uepa.br\/index.php\/turma-virtual-docente\/inserir-arquivo-na-turma\/\"> <span class=\"screen-reader-text\">Inserir Arquivo na Turma<\/span> Leia mais &raquo;<\/a><\/p>\n","protected":false},"author":1,"featured_media":0,"parent":140,"menu_order":0,"comment_status":"closed","ping_status":"closed","template":"","meta":{"_uag_custom_page_level_css":"","site-sidebar-layout":"default","site-content-layout":"","ast-site-content-layout":"","site-content-style":"default","site-sidebar-style":"default","ast-global-header-display":"","ast-banner-title-visibility":"","ast-main-header-display":"","ast-hfb-above-header-display":"","ast-hfb-below-header-display":"","ast-hfb-mobile-header-display":"","site-post-title":"","ast-breadcrumbs-content":"","ast-featured-img":"","footer-sml-layout":"","theme-transparent-header-meta":"","adv-header-id-meta":"","stick-header-meta":"","header-above-stick-meta":"","header-main-stick-meta":"","header-below-stick-meta":"","astra-migrate-meta-layouts":"","ast-page-background-enabled":"default","ast-page-background-meta":{"desktop":{"background-color":"var(--ast-global-color-4)","background-image":"","background-repeat":"repeat","background-position":"center center","background-size":"auto","background-attachment":"scroll","background-type":"","background-media":"","overlay-type":"","overlay-color":"","overlay-gradient":""},"tablet":{"background-color":"","background-image":"","background-repeat":"repeat","background-position":"center center","background-size":"auto","background-attachment":"scroll","background-type":"","background-media":"","overlay-type":"","overlay-color":"","overlay-gradient":""},"mobile":{"background-color":"","background-image":"","background-repeat":"repeat","background-position":"center center","background-size":"auto","background-attachment":"scroll","background-type":"","background-media":"","overlay-type":"","overlay-color":"","overlay-gradient":""}},"ast-content-background-meta":{"desktop":{"background-color":"var(--ast-global-color-5)","background-image":"","background-repeat":"repeat","background-position":"center center","background-size":"auto","background-attachment":"scroll","background-type":"","background-media":"","overlay-type":"","overlay-color":"","overlay-gradient":""},"tablet":{"background-color":"var(--ast-global-color-5)","background-image":"","background-repeat":"repeat","background-position":"center center","background-size":"auto","background-attachment":"scroll","background-type":"","background-media":"","overlay-type":"","overlay-color":"","overlay-gradient":""},"mobile":{"background-color":"var(--ast-global-color-5)","background-image":"","background-repeat":"repeat","background-position":"center center","background-size":"auto","background-attachment":"scroll","background-type":"","background-media":"","overlay-type":"","overlay-color":"","overlay-gradient":""}},"footnotes":""},"uagb_featured_image_src":{"full":false,"thumbnail":false,"medium":false,"medium_large":false,"large":false,"1536x1536":false,"2048x2048":false},"uagb_author_info":{"display_name":"adminsites@uepa.br","author_link":"https:\/\/wiki.uepa.br\/index.php\/author\/adminsitesuepa-br\/"},"uagb_comment_info":0,"uagb_excerpt":"O docente dever\u00e1 preencher os seguintes dados: Dados Gerais dos Arquivos Pasta: Informe em qual pasta deseja incluir o arquivo. Caso queira criar uma nova pasta para inserir os arquivos, clique em&nbsp;Criar Nova Pasta, a seguinte janela ser\u00e1 exibida: No campo&nbsp;\u201cDentro de\u201d&nbsp;selecione o local em que a pasta ser\u00e1 criada;E no campo&nbsp;\u201cNome\u201d&nbsp;digite o nome para&hellip;","_links":{"self":[{"href":"https:\/\/wiki.uepa.br\/index.php\/wp-json\/wp\/v2\/pages\/176"}],"collection":[{"href":"https:\/\/wiki.uepa.br\/index.php\/wp-json\/wp\/v2\/pages"}],"about":[{"href":"https:\/\/wiki.uepa.br\/index.php\/wp-json\/wp\/v2\/types\/page"}],"author":[{"embeddable":true,"href":"https:\/\/wiki.uepa.br\/index.php\/wp-json\/wp\/v2\/users\/1"}],"replies":[{"embeddable":true,"href":"https:\/\/wiki.uepa.br\/index.php\/wp-json\/wp\/v2\/comments?post=176"}],"version-history":[{"count":3,"href":"https:\/\/wiki.uepa.br\/index.php\/wp-json\/wp\/v2\/pages\/176\/revisions"}],"predecessor-version":[{"id":598,"href":"https:\/\/wiki.uepa.br\/index.php\/wp-json\/wp\/v2\/pages\/176\/revisions\/598"}],"up":[{"embeddable":true,"href":"https:\/\/wiki.uepa.br\/index.php\/wp-json\/wp\/v2\/pages\/140"}],"wp:attachment":[{"href":"https:\/\/wiki.uepa.br\/index.php\/wp-json\/wp\/v2\/media?parent=176"}],"curies":[{"name":"wp","href":"https:\/\/api.w.org\/{rel}","templated":true}]}}