{"id":191,"date":"2024-02-20T15:45:52","date_gmt":"2024-02-20T15:45:52","guid":{"rendered":"https:\/\/wiki.uepa.br\/?page_id=191"},"modified":"2025-09-25T16:02:16","modified_gmt":"2025-09-25T16:02:16","slug":"inserir-resultados-da-banca-de-defesa-de-tcc","status":"publish","type":"page","link":"https:\/\/wiki.uepa.br\/index.php\/fluxo-para-cadastro-e-consolidacao-de-banca-do-tcc\/inserir-resultados-da-banca-de-defesa-de-tcc\/","title":{"rendered":"Inserir Resultados da Banca de Defesa de TCC"},"content":{"rendered":"\n<ul class=\"has-ast-global-color-8-color has-text-color has-link-color wp-elements-09b0ebece22bee930d12d00cc95a76ad\">\n<li>Para inserir os resultados da Banca de Defesa de TCC, acesse o SIGAA UEPA \u00bb M\u00f3dulos \u00bb Portal Docente \u00bb Orienta\u00e7\u00e3o Acad\u00eamica &#8211; Gradua\u00e7\u00e3o \u00bb Trabalho de Conclus\u00e3o de Curso \u00bb Inserir Resultado de Banca.<\/li>\n<\/ul>\n\n\n\n<figure class=\"wp-block-image aligncenter size-full\"><img loading=\"lazy\" decoding=\"async\" width=\"704\" height=\"251\" src=\"https:\/\/wiki.uepa.br\/wp-content\/uploads\/2025\/09\/inserir_resultado_de_banca.png\" alt=\"\" class=\"wp-image-492\" title=\"Inseri Resultado de Banca\" srcset=\"https:\/\/wiki.uepa.br\/wp-content\/uploads\/2025\/09\/inserir_resultado_de_banca.png 704w, https:\/\/wiki.uepa.br\/wp-content\/uploads\/2025\/09\/inserir_resultado_de_banca-300x107.png 300w\" sizes=\"(max-width: 704px) 100vw, 704px\" \/><\/figure>\n\n\n\n<ul class=\"has-ast-global-color-8-color has-text-color has-link-color wp-elements-fe9aaefdc737fc74be25799c5b504ebf\">\n<li>Ao clicar em&nbsp;<strong>Inserir Resultado de Banca<\/strong>&nbsp;ser\u00e1 exibida uma tela com a lista dos discentes orientandos pelo Docente que j\u00e1 possuem banca com solicita\u00e7\u00e3o aprovada pela coordena\u00e7\u00e3o.<\/li>\n<\/ul>\n\n\n\n<figure class=\"wp-block-image aligncenter size-full\"><img loading=\"lazy\" decoding=\"async\" width=\"993\" height=\"141\" src=\"https:\/\/wiki.uepa.br\/wp-content\/uploads\/2025\/09\/inserir_resultado_de_banca1.png\" alt=\"\" class=\"wp-image-493\" title=\"Lista de discentes com solicita\u00e7\u00e3o de banca aprovada \" srcset=\"https:\/\/wiki.uepa.br\/wp-content\/uploads\/2025\/09\/inserir_resultado_de_banca1.png 993w, https:\/\/wiki.uepa.br\/wp-content\/uploads\/2025\/09\/inserir_resultado_de_banca1-300x43.png 300w, https:\/\/wiki.uepa.br\/wp-content\/uploads\/2025\/09\/inserir_resultado_de_banca1-768x109.png 768w\" sizes=\"(max-width: 993px) 100vw, 993px\" \/><\/figure>\n\n\n\n<ul class=\"has-ast-global-color-8-color has-text-color has-link-color wp-elements-b36cc547f285be507ecfdfe0d426a112\">\n<li>Para selecionar o discente desejado clique no \u00edcone&nbsp;<a href=\"https:\/\/ewiki.uepa.br\/lib\/exe\/detail.php?id=docentes%3Ainseri_resultados_da_banca_tcc&amp;media=servidor:crca:selecionar_discente_icone.png\"><\/a>. A seguinte tela ser\u00e1 exibida:<\/li>\n<\/ul>\n\n\n\n<figure class=\"wp-block-image aligncenter size-full\"><img loading=\"lazy\" decoding=\"async\" width=\"924\" height=\"413\" src=\"https:\/\/wiki.uepa.br\/wp-content\/uploads\/2025\/09\/inserir_resultado_de_banca2.png\" alt=\"\" class=\"wp-image-494\" title=\"lan\u00e7ar resultado de TCC\" srcset=\"https:\/\/wiki.uepa.br\/wp-content\/uploads\/2025\/09\/inserir_resultado_de_banca2.png 924w, https:\/\/wiki.uepa.br\/wp-content\/uploads\/2025\/09\/inserir_resultado_de_banca2-300x134.png 300w, https:\/\/wiki.uepa.br\/wp-content\/uploads\/2025\/09\/inserir_resultado_de_banca2-768x343.png 768w\" sizes=\"(max-width: 924px) 100vw, 924px\" \/><\/figure>\n\n\n\n<ul class=\"has-ast-global-color-8-color has-text-color has-link-color wp-elements-fa5750f176b3291b4e2ccf6a2321fc4c\">\n<li>O docente dever\u00e1 informar a nota final do Trabalho de Conclus\u00e3o de Curso e clicar em&nbsp;<strong>Confirmar<\/strong>.<\/li>\n<\/ul>\n\n\n\n<p class=\"has-text-align-center has-ast-global-color-8-color has-text-color has-link-color wp-elements-07c4d21c819333f37fa2779ac7d16a5b\"><strong>Observa\u00e7\u00e3o:<\/strong>&nbsp;A nata final inserida pelo docente ser\u00e1 salva no sistema. Todavia, o resultado do TCC n\u00e3o ser\u00e1 consolidado, pois o mesmo dever\u00e1 passar pela coordena\u00e7\u00e3o do curso para ser consolidado.<\/p>\n","protected":false},"excerpt":{"rendered":"<p>Observa\u00e7\u00e3o:&nbsp;A nata final inserida pelo docente ser\u00e1 salva no sistema. Todavia, o resultado do TCC n\u00e3o ser\u00e1 consolidado, pois o mesmo dever\u00e1 passar pela coordena\u00e7\u00e3o do curso para ser consolidado.<\/p>\n","protected":false},"author":1,"featured_media":0,"parent":187,"menu_order":0,"comment_status":"closed","ping_status":"closed","template":"","meta":{"_uag_custom_page_level_css":"","site-sidebar-layout":"default","site-content-layout":"","ast-site-content-layout":"","site-content-style":"default","site-sidebar-style":"default","ast-global-header-display":"","ast-banner-title-visibility":"","ast-main-header-display":"","ast-hfb-above-header-display":"","ast-hfb-below-header-display":"","ast-hfb-mobile-header-display":"","site-post-title":"","ast-breadcrumbs-content":"","ast-featured-img":"","footer-sml-layout":"","theme-transparent-header-meta":"","adv-header-id-meta":"","stick-header-meta":"","header-above-stick-meta":"","header-main-stick-meta":"","header-below-stick-meta":"","astra-migrate-meta-layouts":"","ast-page-background-enabled":"default","ast-page-background-meta":{"desktop":{"background-color":"var(--ast-global-color-4)","background-image":"","background-repeat":"repeat","background-position":"center center","background-size":"auto","background-attachment":"scroll","background-type":"","background-media":"","overlay-type":"","overlay-color":"","overlay-gradient":""},"tablet":{"background-color":"","background-image":"","background-repeat":"repeat","background-position":"center center","background-size":"auto","background-attachment":"scroll","background-type":"","background-media":"","overlay-type":"","overlay-color":"","overlay-gradient":""},"mobile":{"background-color":"","background-image":"","background-repeat":"repeat","background-position":"center center","background-size":"auto","background-attachment":"scroll","background-type":"","background-media":"","overlay-type":"","overlay-color":"","overlay-gradient":""}},"ast-content-background-meta":{"desktop":{"background-color":"var(--ast-global-color-5)","background-image":"","background-repeat":"repeat","background-position":"center center","background-size":"auto","background-attachment":"scroll","background-type":"","background-media":"","overlay-type":"","overlay-color":"","overlay-gradient":""},"tablet":{"background-color":"var(--ast-global-color-5)","background-image":"","background-repeat":"repeat","background-position":"center center","background-size":"auto","background-attachment":"scroll","background-type":"","background-media":"","overlay-type":"","overlay-color":"","overlay-gradient":""},"mobile":{"background-color":"var(--ast-global-color-5)","background-image":"","background-repeat":"repeat","background-position":"center center","background-size":"auto","background-attachment":"scroll","background-type":"","background-media":"","overlay-type":"","overlay-color":"","overlay-gradient":""}},"footnotes":""},"uagb_featured_image_src":{"full":false,"thumbnail":false,"medium":false,"medium_large":false,"large":false,"1536x1536":false,"2048x2048":false},"uagb_author_info":{"display_name":"adminsites@uepa.br","author_link":"https:\/\/wiki.uepa.br\/index.php\/author\/adminsitesuepa-br\/"},"uagb_comment_info":0,"uagb_excerpt":"Observa\u00e7\u00e3o:&nbsp;A nata final inserida pelo docente ser\u00e1 salva no sistema. Todavia, o resultado do TCC n\u00e3o ser\u00e1 consolidado, pois o mesmo dever\u00e1 passar pela coordena\u00e7\u00e3o do curso para ser consolidado.","_links":{"self":[{"href":"https:\/\/wiki.uepa.br\/index.php\/wp-json\/wp\/v2\/pages\/191"}],"collection":[{"href":"https:\/\/wiki.uepa.br\/index.php\/wp-json\/wp\/v2\/pages"}],"about":[{"href":"https:\/\/wiki.uepa.br\/index.php\/wp-json\/wp\/v2\/types\/page"}],"author":[{"embeddable":true,"href":"https:\/\/wiki.uepa.br\/index.php\/wp-json\/wp\/v2\/users\/1"}],"replies":[{"embeddable":true,"href":"https:\/\/wiki.uepa.br\/index.php\/wp-json\/wp\/v2\/comments?post=191"}],"version-history":[{"count":2,"href":"https:\/\/wiki.uepa.br\/index.php\/wp-json\/wp\/v2\/pages\/191\/revisions"}],"predecessor-version":[{"id":495,"href":"https:\/\/wiki.uepa.br\/index.php\/wp-json\/wp\/v2\/pages\/191\/revisions\/495"}],"up":[{"embeddable":true,"href":"https:\/\/wiki.uepa.br\/index.php\/wp-json\/wp\/v2\/pages\/187"}],"wp:attachment":[{"href":"https:\/\/wiki.uepa.br\/index.php\/wp-json\/wp\/v2\/media?parent=191"}],"curies":[{"name":"wp","href":"https:\/\/api.w.org\/{rel}","templated":true}]}}