{"id":246,"date":"2024-02-20T19:19:18","date_gmt":"2024-02-20T19:19:18","guid":{"rendered":"https:\/\/wiki.uepa.br\/?page_id=246"},"modified":"2024-02-20T19:20:36","modified_gmt":"2024-02-20T19:20:36","slug":"fluxo-para-cadastro-e-consolidacao-de-banca-do-tcc","status":"publish","type":"page","link":"https:\/\/wiki.uepa.br\/index.php\/coordenador-de-curso\/fluxo-para-cadastro-e-consolidacao-de-banca-do-tcc\/","title":{"rendered":"Fluxo para Cadastro e Consolida\u00e7\u00e3o de Banca do TCC: Coordenador"},"content":{"rendered":"\n<p class=\"has-text-align-center has-ast-global-color-8-color has-text-color has-link-color wp-elements-fecb6948e77467f869dd60fcd0770a30\">No SIGAA-UEPA o fluxo de Trabalho de Conclus\u00e3o de Curso &#8211; TCC \u00e9 dividido da seguinte forma:<\/p>\n\n\n\n<h3 class=\"wp-block-heading has-text-align-center\" id=\"passo_1coordenacao_de_curso\"><strong>Passo 1: Coordena\u00e7\u00e3o de Curso<\/strong><\/h3>\n\n\n\n<ul class=\"has-ast-global-color-8-color has-text-color has-link-color wp-elements-a591157c6aaa8920552b86b63c50eab7\">\n<li>\u00c9 de compet\u00eancia da&nbsp;<strong>Coordena\u00e7\u00e3o de Curso<\/strong>&nbsp;realizar a matr\u00edcula do discente na atividade do tipo Trabalho de Conclus\u00e3o de Curso e adicionar orientador ao trabalho.<\/li>\n\n\n\n<li>Para melhores informa\u00e7\u00f5es acesse o link:&nbsp;<strong><a href=\"https:\/\/ewiki.uepa.br\/doku.php?id=servidor:coordenador_de_curso:matricular_atividade_tcc\">Matricular Atividade TCC<\/a><\/strong>.<\/li>\n<\/ul>\n\n\n\n<h3 class=\"wp-block-heading has-text-align-center has-ast-global-color-8-color has-text-color has-link-color wp-elements-253f49484b2aae873642cef2b0c32ce5\" id=\"passo_2docente_orientador\">Passo 2: Docente Orientador<\/h3>\n\n\n\n<ul class=\"has-ast-global-color-8-color has-text-color has-link-color wp-elements-ce05a5b327374d2e69a1091ec7fc9da3\">\n<li>\u00c9 de compet\u00eancia do&nbsp;<strong>Docente Orientador<\/strong>&nbsp;solicitar o cadastro da banca de defesa de TCC.<\/li>\n\n\n\n<li>Para melhores informa\u00e7\u00f5es acesse o link:&nbsp;<strong><a href=\"https:\/\/ewiki.uepa.br\/doku.php?id=docentes:solicitar_cadastro_de_banca_tcc\">Solicitar Cadastro de Banca TCC<\/a><\/strong>.<\/li>\n<\/ul>\n\n\n\n<h3 class=\"wp-block-heading has-text-align-center\" id=\"passo_3coordenacao_de_curso\"><strong>Passo 3: Coordena\u00e7\u00e3o de Curso<\/strong><\/h3>\n\n\n\n<ul class=\"has-ast-global-color-8-color has-text-color has-link-color wp-elements-06d3849ddc0f001f145ab31bbc8c33df\">\n<li>\u00c9 de compet\u00eancia da&nbsp;<strong>Coordena\u00e7\u00e3o de Curso<\/strong>&nbsp;aprovar as solicita\u00e7\u00f5es de cadastro da banca de defesa de TCC realizadas pelo docente orientador.<\/li>\n\n\n\n<li>Para melhores informa\u00e7\u00f5es acesse o link:&nbsp;<strong><a href=\"https:\/\/ewiki.uepa.br\/doku.php?id=servidor:coordenador_de_curso:gerenciar_bancas_tcc\">Gerenciar Bancas de TCC<\/a><\/strong>.<\/li>\n<\/ul>\n\n\n\n<h3 class=\"wp-block-heading has-text-align-center has-ast-global-color-8-color has-text-color has-link-color wp-elements-ef09ce734d7bf4a72ac48db58500ee2a\" id=\"passo_4docente_orientador\">Passo 4: Docente Orientador<\/h3>\n\n\n\n<ul class=\"has-ast-global-color-8-color has-text-color has-link-color wp-elements-c0d380334e0933ca447a172f4ba1aeb8\">\n<li>\u00c9 de compet\u00eancia do&nbsp;<strong>Docente Orientador<\/strong>&nbsp;inserir o resultado da banca de defesa, ou seja, a nota final do TCC.<\/li>\n\n\n\n<li>Para melhores informa\u00e7\u00f5es acesse o link:&nbsp;<strong><a href=\"https:\/\/ewiki.uepa.br\/doku.php?id=docentes:inseri_resultados_da_banca_tcc\">Inserir Resultados da Banca de Defesa de TCC<\/a><\/strong>.<\/li>\n<\/ul>\n\n\n\n<h3 class=\"wp-block-heading has-text-align-center\" id=\"passo_5coordenacao_de_curso\"><strong>Passo 5: Coordena\u00e7\u00e3o de Curso<\/strong><\/h3>\n\n\n\n<ul class=\"has-ast-global-color-8-color has-text-color has-link-color wp-elements-e2dce25abf226a3540ad446f7319d418\">\n<li>\u00c9 de compet\u00eancia da&nbsp;<strong>Coordena\u00e7\u00e3o de Curso<\/strong>&nbsp;consolidar os trabalhos de conclus\u00e3o de com as notas que foram cadastradas pelo docente orientador.<\/li>\n\n\n\n<li>Para melhores informa\u00e7\u00f5es acesse o link:&nbsp;<strong><a href=\"https:\/\/ewiki.uepa.br\/doku.php?id=servidor:coordenador_de_curso:consolidar_tcc\">Consolidar TCC<\/a><\/strong>.<\/li>\n<\/ul>\n","protected":false},"excerpt":{"rendered":"<p>No SIGAA-UEPA o fluxo de Trabalho de Conclus\u00e3o de Curso &#8211; TCC \u00e9 dividido da seguinte forma: Passo 1: Coordena\u00e7\u00e3o de Curso Passo 2: Docente Orientador Passo 3: Coordena\u00e7\u00e3o de Curso Passo 4: Docente Orientador Passo 5: Coordena\u00e7\u00e3o de Curso<\/p>\n","protected":false},"author":1,"featured_media":0,"parent":209,"menu_order":0,"comment_status":"closed","ping_status":"closed","template":"","meta":{"_uag_custom_page_level_css":"","site-sidebar-layout":"default","site-content-layout":"","ast-site-content-layout":"","site-content-style":"default","site-sidebar-style":"default","ast-global-header-display":"","ast-banner-title-visibility":"","ast-main-header-display":"","ast-hfb-above-header-display":"","ast-hfb-below-header-display":"","ast-hfb-mobile-header-display":"","site-post-title":"","ast-breadcrumbs-content":"","ast-featured-img":"","footer-sml-layout":"","theme-transparent-header-meta":"","adv-header-id-meta":"","stick-header-meta":"","header-above-stick-meta":"","header-main-stick-meta":"","header-below-stick-meta":"","astra-migrate-meta-layouts":"","ast-page-background-enabled":"default","ast-page-background-meta":{"desktop":{"background-color":"var(--ast-global-color-4)","background-image":"","background-repeat":"repeat","background-position":"center center","background-size":"auto","background-attachment":"scroll","background-type":"","background-media":"","overlay-type":"","overlay-color":"","overlay-gradient":""},"tablet":{"background-color":"","background-image":"","background-repeat":"repeat","background-position":"center center","background-size":"auto","background-attachment":"scroll","background-type":"","background-media":"","overlay-type":"","overlay-color":"","overlay-gradient":""},"mobile":{"background-color":"","background-image":"","background-repeat":"repeat","background-position":"center center","background-size":"auto","background-attachment":"scroll","background-type":"","background-media":"","overlay-type":"","overlay-color":"","overlay-gradient":""}},"ast-content-background-meta":{"desktop":{"background-color":"var(--ast-global-color-5)","background-image":"","background-repeat":"repeat","background-position":"center center","background-size":"auto","background-attachment":"scroll","background-type":"","background-media":"","overlay-type":"","overlay-color":"","overlay-gradient":""},"tablet":{"background-color":"var(--ast-global-color-5)","background-image":"","background-repeat":"repeat","background-position":"center center","background-size":"auto","background-attachment":"scroll","background-type":"","background-media":"","overlay-type":"","overlay-color":"","overlay-gradient":""},"mobile":{"background-color":"var(--ast-global-color-5)","background-image":"","background-repeat":"repeat","background-position":"center center","background-size":"auto","background-attachment":"scroll","background-type":"","background-media":"","overlay-type":"","overlay-color":"","overlay-gradient":""}},"footnotes":""},"uagb_featured_image_src":{"full":false,"thumbnail":false,"medium":false,"medium_large":false,"large":false,"1536x1536":false,"2048x2048":false},"uagb_author_info":{"display_name":"adminsites@uepa.br","author_link":"https:\/\/wiki.uepa.br\/index.php\/author\/adminsitesuepa-br\/"},"uagb_comment_info":0,"uagb_excerpt":"No SIGAA-UEPA o fluxo de Trabalho de Conclus\u00e3o de Curso &#8211; TCC \u00e9 dividido da seguinte forma: Passo 1: Coordena\u00e7\u00e3o de Curso Passo 2: Docente Orientador Passo 3: Coordena\u00e7\u00e3o de Curso Passo 4: Docente Orientador Passo 5: Coordena\u00e7\u00e3o de Curso","_links":{"self":[{"href":"https:\/\/wiki.uepa.br\/index.php\/wp-json\/wp\/v2\/pages\/246"}],"collection":[{"href":"https:\/\/wiki.uepa.br\/index.php\/wp-json\/wp\/v2\/pages"}],"about":[{"href":"https:\/\/wiki.uepa.br\/index.php\/wp-json\/wp\/v2\/types\/page"}],"author":[{"embeddable":true,"href":"https:\/\/wiki.uepa.br\/index.php\/wp-json\/wp\/v2\/users\/1"}],"replies":[{"embeddable":true,"href":"https:\/\/wiki.uepa.br\/index.php\/wp-json\/wp\/v2\/comments?post=246"}],"version-history":[{"count":2,"href":"https:\/\/wiki.uepa.br\/index.php\/wp-json\/wp\/v2\/pages\/246\/revisions"}],"predecessor-version":[{"id":249,"href":"https:\/\/wiki.uepa.br\/index.php\/wp-json\/wp\/v2\/pages\/246\/revisions\/249"}],"up":[{"embeddable":true,"href":"https:\/\/wiki.uepa.br\/index.php\/wp-json\/wp\/v2\/pages\/209"}],"wp:attachment":[{"href":"https:\/\/wiki.uepa.br\/index.php\/wp-json\/wp\/v2\/media?parent=246"}],"curies":[{"name":"wp","href":"https:\/\/api.w.org\/{rel}","templated":true}]}}