{"id":263,"date":"2024-02-20T20:32:56","date_gmt":"2024-02-20T20:32:56","guid":{"rendered":"https:\/\/wiki.uepa.br\/?page_id=263"},"modified":"2025-09-26T17:22:49","modified_gmt":"2025-09-26T17:22:49","slug":"aproveitamento-de-estudo","status":"publish","type":"page","link":"https:\/\/wiki.uepa.br\/index.php\/controle-academico\/aproveitamento-de-estudo\/","title":{"rendered":"Aproveitamento de Estudo"},"content":{"rendered":"\n<p class=\"has-text-align-center has-ast-global-color-8-color has-text-color has-link-color wp-elements-5f7fc835eb768beb368a25c65bd4fd0b\">Esta funcionalidade permitir\u00e1 ao usu\u00e1rio registrar um aproveitamento de estudo de um determinado componente curricular para um determinado aluno. Dependendo do papel que o usu\u00e1rio tenha, \u00e9 poss\u00edvel, ou n\u00e3o, realizar o aproveitamento.<\/p>\n\n\n\n<ul class=\"has-ast-global-color-8-color has-text-color has-link-color wp-elements-32cfdb91e7e41e92d351588697846d89\">\n<li>Para realizar esta opera\u00e7\u00e3o, o usu\u00e1rio dever\u00e1 acessar o SIGAA UEPA \u00bb M\u00f3dulos \u00bb Gradua\u00e7\u00e3o \u00bb Alunos \u00bb Aproveitamento de Estudos \u00bb Aproveitar Componente Curricular.<\/li>\n<\/ul>\n\n\n\n<figure class=\"wp-block-image aligncenter size-full\"><img loading=\"lazy\" decoding=\"async\" width=\"300\" height=\"216\" src=\"https:\/\/wiki.uepa.br\/wp-content\/uploads\/2025\/09\/aprov_disciplina_auto.png\" alt=\"\" class=\"wp-image-787\" title=\"Aproveitar Componente Curricular\"\/><\/figure>\n\n\n\n<ul class=\"has-ast-global-color-8-color has-text-color has-link-color wp-elements-0ed6bd869b0da53aa75dee7ac9cf6e2e\">\n<li>Ao clicar, a seguinte tela ser\u00e1 exibida:<\/li>\n<\/ul>\n\n\n\n<figure class=\"wp-block-image aligncenter size-full\"><img loading=\"lazy\" decoding=\"async\" width=\"500\" height=\"150\" src=\"https:\/\/wiki.uepa.br\/wp-content\/uploads\/2025\/09\/aprov_disciplina_auto1.png\" alt=\"\" class=\"wp-image-788\" title=\"Buscar Discente\" srcset=\"https:\/\/wiki.uepa.br\/wp-content\/uploads\/2025\/09\/aprov_disciplina_auto1.png 500w, https:\/\/wiki.uepa.br\/wp-content\/uploads\/2025\/09\/aprov_disciplina_auto1-300x90.png 300w\" sizes=\"(max-width: 500px) 100vw, 500px\" \/><\/figure>\n\n\n\n<ul class=\"has-ast-global-color-8-color has-text-color has-link-color wp-elements-0bebad2240c508065b5eb30df416fb30\">\n<li>O usu\u00e1rio dever\u00e1 informar&nbsp;<strong>pelo menos um<\/strong>&nbsp;dos crit\u00e9rios descritos abaixo:\n<ul class=\"has-ast-global-color-8-color has-text-color has-link-color wp-elements-4e71f56c27e388fb2d9e32abe3364342\">\n<li><em>Matr\u00edcula<\/em>: Informe o n\u00famero da matr\u00edcula do discente;<\/li>\n\n\n\n<li><em>CPF<\/em>: Informe o n\u00famero do CPF do discente;<\/li>\n\n\n\n<li><em>Nome do Discente<\/em>: Informe o nome completo do discente;<\/li>\n\n\n\n<li><em>Curso<\/em>: Informe o curso da matr\u00edcula do discente.<\/li>\n<\/ul>\n<\/li>\n\n\n\n<li>Ap\u00f3s preencher, clique em&nbsp;<strong>Buscar<\/strong>&nbsp;para realizar a busca.<\/li>\n<\/ul>\n\n\n\n<figure class=\"wp-block-image aligncenter size-full\"><img loading=\"lazy\" decoding=\"async\" width=\"600\" height=\"135\" src=\"https:\/\/wiki.uepa.br\/wp-content\/uploads\/2025\/09\/aprov_disciplina_auto2.png\" alt=\"\" class=\"wp-image-789\" srcset=\"https:\/\/wiki.uepa.br\/wp-content\/uploads\/2025\/09\/aprov_disciplina_auto2.png 600w, https:\/\/wiki.uepa.br\/wp-content\/uploads\/2025\/09\/aprov_disciplina_auto2-300x68.png 300w\" sizes=\"(max-width: 600px) 100vw, 600px\" \/><\/figure>\n\n\n\n<p class=\"has-text-align-center has-ast-global-color-8-color has-text-color has-link-color wp-elements-669433323e61ae9ffc5d5d55d1243d9f\">Uma lista de Discente ser\u00e1 exibida, nela o usu\u00e1rio poder\u00e1:<\/p>\n\n\n\n<figure class=\"wp-block-image aligncenter size-full\"><img loading=\"lazy\" decoding=\"async\" width=\"676\" height=\"538\" src=\"https:\/\/wiki.uepa.br\/wp-content\/uploads\/2024\/02\/image-48.png\" alt=\"\" class=\"wp-image-276\" srcset=\"https:\/\/wiki.uepa.br\/wp-content\/uploads\/2024\/02\/image-48.png 676w, https:\/\/wiki.uepa.br\/wp-content\/uploads\/2024\/02\/image-48-300x239.png 300w\" sizes=\"(max-width: 676px) 100vw, 676px\" \/><\/figure>\n\n\n\n<p class=\"has-text-align-center has-ast-global-color-8-color has-text-color has-link-color wp-elements-c51eb6b3c0d7f5e1e935531be51d24fa\">O usu\u00e1rio dever\u00e1 preencher os seguintes dados:<\/p>\n\n\n\n<p class=\"has-text-align-center has-ast-global-color-8-color has-text-color has-link-color wp-elements-dd1fc24fdfb9932cc2e4fffa0efd0a0d\">&#8211; Componente Curricular<a href=\"https:\/\/ewiki.uepa.br\/lib\/exe\/detail.php?id=servidor%3Acrca%3Aaproveitamento_de_estudo&amp;media=servidor:crca:aprov_disciplina_auto5.png\"><\/a><\/p>\n\n\n\n<figure class=\"wp-block-image aligncenter size-full\"><img loading=\"lazy\" decoding=\"async\" width=\"400\" height=\"77\" src=\"https:\/\/wiki.uepa.br\/wp-content\/uploads\/2024\/02\/image-49.png\" alt=\"\" class=\"wp-image-277\" srcset=\"https:\/\/wiki.uepa.br\/wp-content\/uploads\/2024\/02\/image-49.png 400w, https:\/\/wiki.uepa.br\/wp-content\/uploads\/2024\/02\/image-49-300x58.png 300w\" sizes=\"(max-width: 400px) 100vw, 400px\" \/><\/figure>\n\n\n\n<p class=\"has-text-align-center has-ast-global-color-8-color has-text-color has-link-color wp-elements-4148f80e7e1afeeeaeced901c357e33d\">Tipo de aproveitamento:<br>Creditado Mobilidade<br>Cumpriu<br>Dispensado<br>Transferido<\/p>\n\n\n\n<figure class=\"wp-block-image aligncenter size-full\"><img loading=\"lazy\" decoding=\"async\" width=\"600\" height=\"102\" src=\"https:\/\/wiki.uepa.br\/wp-content\/uploads\/2024\/02\/image-50.png\" alt=\"\" class=\"wp-image-278\" srcset=\"https:\/\/wiki.uepa.br\/wp-content\/uploads\/2024\/02\/image-50.png 600w, https:\/\/wiki.uepa.br\/wp-content\/uploads\/2024\/02\/image-50-300x51.png 300w\" sizes=\"(max-width: 600px) 100vw, 600px\" \/><\/figure>\n\n\n\n<p class=\"has-text-align-center has-ast-global-color-8-color has-text-color has-link-color wp-elements-a40fa6cba9786a8776935d296c6a4b41\">Ano-Per\u00edodo<br>M\u00e9dia Final<br>Frequ\u00eancia<\/p>\n\n\n\n<p class=\"has-text-align-center has-ast-global-color-8-color has-text-color has-link-color wp-elements-bcfb772651ace90facb7ffd1594c46c4\">Ap\u00f3s inserir os dados basta clicar em&nbsp;<strong>Adicionar<\/strong>. A seguinte tela ser\u00e1 exibida:<\/p>\n\n\n\n<figure class=\"wp-block-image aligncenter size-full\"><img loading=\"lazy\" decoding=\"async\" width=\"673\" height=\"387\" src=\"https:\/\/wiki.uepa.br\/wp-content\/uploads\/2024\/02\/image-51.png\" alt=\"\" class=\"wp-image-279\" srcset=\"https:\/\/wiki.uepa.br\/wp-content\/uploads\/2024\/02\/image-51.png 673w, https:\/\/wiki.uepa.br\/wp-content\/uploads\/2024\/02\/image-51-300x173.png 300w\" sizes=\"(max-width: 673px) 100vw, 673px\" \/><\/figure>\n","protected":false},"excerpt":{"rendered":"<p>Esta funcionalidade permitir\u00e1 ao usu\u00e1rio registrar um aproveitamento de estudo de um determinado componente curricular para um determinado aluno. Dependendo do papel que o usu\u00e1rio tenha, \u00e9 poss\u00edvel, ou n\u00e3o, realizar o aproveitamento. Uma lista de Discente ser\u00e1 exibida, nela o usu\u00e1rio poder\u00e1: O usu\u00e1rio dever\u00e1 preencher os seguintes dados: &#8211; Componente Curricular Tipo de &hellip;<\/p>\n<p class=\"read-more\"> <a class=\"\" href=\"https:\/\/wiki.uepa.br\/index.php\/controle-academico\/aproveitamento-de-estudo\/\"> <span class=\"screen-reader-text\">Aproveitamento de Estudo<\/span> Leia mais &raquo;<\/a><\/p>\n","protected":false},"author":1,"featured_media":0,"parent":261,"menu_order":0,"comment_status":"closed","ping_status":"closed","template":"","meta":{"_uag_custom_page_level_css":"","site-sidebar-layout":"default","site-content-layout":"","ast-site-content-layout":"","site-content-style":"default","site-sidebar-style":"default","ast-global-header-display":"","ast-banner-title-visibility":"","ast-main-header-display":"","ast-hfb-above-header-display":"","ast-hfb-below-header-display":"","ast-hfb-mobile-header-display":"","site-post-title":"","ast-breadcrumbs-content":"","ast-featured-img":"","footer-sml-layout":"","theme-transparent-header-meta":"","adv-header-id-meta":"","stick-header-meta":"","header-above-stick-meta":"","header-main-stick-meta":"","header-below-stick-meta":"","astra-migrate-meta-layouts":"","ast-page-background-enabled":"default","ast-page-background-meta":{"desktop":{"background-color":"var(--ast-global-color-4)","background-image":"","background-repeat":"repeat","background-position":"center center","background-size":"auto","background-attachment":"scroll","background-type":"","background-media":"","overlay-type":"","overlay-color":"","overlay-gradient":""},"tablet":{"background-color":"","background-image":"","background-repeat":"repeat","background-position":"center center","background-size":"auto","background-attachment":"scroll","background-type":"","background-media":"","overlay-type":"","overlay-color":"","overlay-gradient":""},"mobile":{"background-color":"","background-image":"","background-repeat":"repeat","background-position":"center center","background-size":"auto","background-attachment":"scroll","background-type":"","background-media":"","overlay-type":"","overlay-color":"","overlay-gradient":""}},"ast-content-background-meta":{"desktop":{"background-color":"var(--ast-global-color-5)","background-image":"","background-repeat":"repeat","background-position":"center center","background-size":"auto","background-attachment":"scroll","background-type":"","background-media":"","overlay-type":"","overlay-color":"","overlay-gradient":""},"tablet":{"background-color":"var(--ast-global-color-5)","background-image":"","background-repeat":"repeat","background-position":"center center","background-size":"auto","background-attachment":"scroll","background-type":"","background-media":"","overlay-type":"","overlay-color":"","overlay-gradient":""},"mobile":{"background-color":"var(--ast-global-color-5)","background-image":"","background-repeat":"repeat","background-position":"center center","background-size":"auto","background-attachment":"scroll","background-type":"","background-media":"","overlay-type":"","overlay-color":"","overlay-gradient":""}},"footnotes":""},"uagb_featured_image_src":{"full":false,"thumbnail":false,"medium":false,"medium_large":false,"large":false,"1536x1536":false,"2048x2048":false},"uagb_author_info":{"display_name":"adminsites@uepa.br","author_link":"https:\/\/wiki.uepa.br\/index.php\/author\/adminsitesuepa-br\/"},"uagb_comment_info":0,"uagb_excerpt":"Esta funcionalidade permitir\u00e1 ao usu\u00e1rio registrar um aproveitamento de estudo de um determinado componente curricular para um determinado aluno. Dependendo do papel que o usu\u00e1rio tenha, \u00e9 poss\u00edvel, ou n\u00e3o, realizar o aproveitamento. Uma lista de Discente ser\u00e1 exibida, nela o usu\u00e1rio poder\u00e1: O usu\u00e1rio dever\u00e1 preencher os seguintes dados: &#8211; Componente Curricular Tipo de&hellip;","_links":{"self":[{"href":"https:\/\/wiki.uepa.br\/index.php\/wp-json\/wp\/v2\/pages\/263"}],"collection":[{"href":"https:\/\/wiki.uepa.br\/index.php\/wp-json\/wp\/v2\/pages"}],"about":[{"href":"https:\/\/wiki.uepa.br\/index.php\/wp-json\/wp\/v2\/types\/page"}],"author":[{"embeddable":true,"href":"https:\/\/wiki.uepa.br\/index.php\/wp-json\/wp\/v2\/users\/1"}],"replies":[{"embeddable":true,"href":"https:\/\/wiki.uepa.br\/index.php\/wp-json\/wp\/v2\/comments?post=263"}],"version-history":[{"count":2,"href":"https:\/\/wiki.uepa.br\/index.php\/wp-json\/wp\/v2\/pages\/263\/revisions"}],"predecessor-version":[{"id":790,"href":"https:\/\/wiki.uepa.br\/index.php\/wp-json\/wp\/v2\/pages\/263\/revisions\/790"}],"up":[{"embeddable":true,"href":"https:\/\/wiki.uepa.br\/index.php\/wp-json\/wp\/v2\/pages\/261"}],"wp:attachment":[{"href":"https:\/\/wiki.uepa.br\/index.php\/wp-json\/wp\/v2\/media?parent=263"}],"curies":[{"name":"wp","href":"https:\/\/api.w.org\/{rel}","templated":true}]}}