{"id":53,"date":"2024-02-19T12:40:53","date_gmt":"2024-02-19T12:40:53","guid":{"rendered":"https:\/\/wiki.uepa.br\/?page_id=53"},"modified":"2025-09-25T15:37:43","modified_gmt":"2025-09-25T15:37:43","slug":"dicas-e-cuidados-com-a-senha","status":"publish","type":"page","link":"https:\/\/wiki.uepa.br\/index.php\/dicas-e-cuidados-com-a-senha\/","title":{"rendered":"Dicas e Cuidados com a Senha"},"content":{"rendered":"\n<figure class=\"wp-block-image aligncenter size-full\"><img loading=\"lazy\" decoding=\"async\" width=\"336\" height=\"280\" src=\"https:\/\/wiki.uepa.br\/wp-content\/uploads\/2025\/09\/foto1.png\" alt=\"\" class=\"wp-image-423\" title=\" \" srcset=\"https:\/\/wiki.uepa.br\/wp-content\/uploads\/2025\/09\/foto1.png 336w, https:\/\/wiki.uepa.br\/wp-content\/uploads\/2025\/09\/foto1-300x250.png 300w\" sizes=\"(max-width: 336px) 100vw, 336px\" \/><\/figure>\n\n\n\n<p class=\"has-text-align-center has-ast-global-color-8-color has-text-color has-link-color wp-elements-83be2da7b55259144dcea99018373576\"><strong>Logo abaixo ser\u00e3o listadas algumas dicas sobre os principais cuidados com a senha.<\/strong><\/p>\n\n\n\n<hr class=\"wp-block-separator has-alpha-channel-opacity\"\/>\n\n\n\n<ul class=\"has-ast-global-color-8-color has-text-color has-link-color wp-elements-73c3070d433374bf543749cfe0887019\">\n<li>Elabore boas senhas (<strong>Dica<\/strong>: use&nbsp;<em>letras, n\u00fameros e s\u00edmbolos<\/em>&nbsp;para dar complexidade a senha e aumentar a sua seguran\u00e7a).<\/li>\n\n\n\n<li><strong>N\u00e3o use dados pessoais<\/strong>, como datas de anivers\u00e1rio, seu nome e outros dados \u00f3bvios para criar suas senhas. S\u00e3o informa\u00e7\u00f5es f\u00e1ceis de serem adivinhadas.<\/li>\n\n\n\n<li><strong>N\u00e3o forne\u00e7a as suas senhas para outra pessoa<\/strong>, em hip\u00f3tese alguma;<\/li>\n\n\n\n<li><strong>Certifique-se de fechar a sua sess\u00e3o<\/strong>&nbsp;ao acessar o SIGAA-UEPA. Sempre use a op\u00e7\u00e3o de&nbsp;<strong>SAIR<\/strong>, pois isto evita que suas informa\u00e7\u00f5es sejam mantidas no navegador;<\/li>\n\n\n\n<li>Altere as suas senhas sempre que julgar necess\u00e1rio;<\/li>\n\n\n\n<li>N\u00e3o use a mesma senha para todos os servi\u00e7os que acessa;<\/li>\n\n\n\n<li>Seja cuidadoso ao usar a sua senha em computadores que n\u00e3o seja o seu. Procure, sempre que poss\u00edvel, utilizar op\u00e7\u00f5es de&nbsp;<strong>navega\u00e7\u00e3o an\u00f4nima<\/strong>&nbsp;nesses casos.<\/li>\n\n\n\n<li><strong>Nunca Salve sua senha em computadores que n\u00e3o seja o seu<\/strong>.<\/li>\n<\/ul>\n","protected":false},"excerpt":{"rendered":"<p>Logo abaixo ser\u00e3o listadas algumas dicas sobre os principais cuidados com a senha.<\/p>\n","protected":false},"author":1,"featured_media":0,"parent":0,"menu_order":0,"comment_status":"closed","ping_status":"closed","template":"","meta":{"_uag_custom_page_level_css":"","site-sidebar-layout":"default","site-content-layout":"","ast-site-content-layout":"","site-content-style":"default","site-sidebar-style":"default","ast-global-header-display":"","ast-banner-title-visibility":"","ast-main-header-display":"","ast-hfb-above-header-display":"","ast-hfb-below-header-display":"","ast-hfb-mobile-header-display":"","site-post-title":"","ast-breadcrumbs-content":"","ast-featured-img":"","footer-sml-layout":"","theme-transparent-header-meta":"","adv-header-id-meta":"","stick-header-meta":"","header-above-stick-meta":"","header-main-stick-meta":"","header-below-stick-meta":"","astra-migrate-meta-layouts":"","ast-page-background-enabled":"default","ast-page-background-meta":{"desktop":{"background-color":"var(--ast-global-color-4)","background-image":"","background-repeat":"repeat","background-position":"center center","background-size":"auto","background-attachment":"scroll","background-type":"","background-media":"","overlay-type":"","overlay-color":"","overlay-gradient":""},"tablet":{"background-color":"","background-image":"","background-repeat":"repeat","background-position":"center center","background-size":"auto","background-attachment":"scroll","background-type":"","background-media":"","overlay-type":"","overlay-color":"","overlay-gradient":""},"mobile":{"background-color":"","background-image":"","background-repeat":"repeat","background-position":"center center","background-size":"auto","background-attachment":"scroll","background-type":"","background-media":"","overlay-type":"","overlay-color":"","overlay-gradient":""}},"ast-content-background-meta":{"desktop":{"background-color":"var(--ast-global-color-5)","background-image":"","background-repeat":"repeat","background-position":"center center","background-size":"auto","background-attachment":"scroll","background-type":"","background-media":"","overlay-type":"","overlay-color":"","overlay-gradient":""},"tablet":{"background-color":"var(--ast-global-color-5)","background-image":"","background-repeat":"repeat","background-position":"center center","background-size":"auto","background-attachment":"scroll","background-type":"","background-media":"","overlay-type":"","overlay-color":"","overlay-gradient":""},"mobile":{"background-color":"var(--ast-global-color-5)","background-image":"","background-repeat":"repeat","background-position":"center center","background-size":"auto","background-attachment":"scroll","background-type":"","background-media":"","overlay-type":"","overlay-color":"","overlay-gradient":""}},"footnotes":""},"uagb_featured_image_src":{"full":false,"thumbnail":false,"medium":false,"medium_large":false,"large":false,"1536x1536":false,"2048x2048":false},"uagb_author_info":{"display_name":"adminsites@uepa.br","author_link":"https:\/\/wiki.uepa.br\/index.php\/author\/adminsitesuepa-br\/"},"uagb_comment_info":0,"uagb_excerpt":"Logo abaixo ser\u00e3o listadas algumas dicas sobre os principais cuidados com a senha.","_links":{"self":[{"href":"https:\/\/wiki.uepa.br\/index.php\/wp-json\/wp\/v2\/pages\/53"}],"collection":[{"href":"https:\/\/wiki.uepa.br\/index.php\/wp-json\/wp\/v2\/pages"}],"about":[{"href":"https:\/\/wiki.uepa.br\/index.php\/wp-json\/wp\/v2\/types\/page"}],"author":[{"embeddable":true,"href":"https:\/\/wiki.uepa.br\/index.php\/wp-json\/wp\/v2\/users\/1"}],"replies":[{"embeddable":true,"href":"https:\/\/wiki.uepa.br\/index.php\/wp-json\/wp\/v2\/comments?post=53"}],"version-history":[{"count":3,"href":"https:\/\/wiki.uepa.br\/index.php\/wp-json\/wp\/v2\/pages\/53\/revisions"}],"predecessor-version":[{"id":424,"href":"https:\/\/wiki.uepa.br\/index.php\/wp-json\/wp\/v2\/pages\/53\/revisions\/424"}],"wp:attachment":[{"href":"https:\/\/wiki.uepa.br\/index.php\/wp-json\/wp\/v2\/media?parent=53"}],"curies":[{"name":"wp","href":"https:\/\/api.w.org\/{rel}","templated":true}]}}