{"id":64,"date":"2024-02-19T13:42:38","date_gmt":"2024-02-19T13:42:38","guid":{"rendered":"https:\/\/wiki.uepa.br\/?page_id=64"},"modified":"2025-09-25T15:46:41","modified_gmt":"2025-09-25T15:46:41","slug":"cadastro-de-alunos-novos-no-sigaa","status":"publish","type":"page","link":"https:\/\/wiki.uepa.br\/index.php\/cadastro-de-alunos-novos-no-sigaa\/","title":{"rendered":"Cadastro de Alunos Novos no SIGAA"},"content":{"rendered":"\n<p class=\"has-text-align-center has-ast-global-color-8-color has-text-color has-link-color wp-elements-0a5063d1795dbfdc9058cb1b6a75c8ea\">Para acessar ao sistema do SIGAA-UEPA \u00e9 necess\u00e1rio primeiro realizar o auto cadastro.<\/p>\n\n\n\n<ul class=\"has-ast-global-color-8-color has-text-color has-link-color wp-elements-f8fdbc2540df8176648fc539ae34cd5e\">\n<li>O discente poder\u00e1 se cadastrar no SIGAA &#8211; UEPA por meio da tela de login, clicando em&nbsp;<strong>Cadastre-se<\/strong>.<\/li>\n<\/ul>\n\n\n\n<figure class=\"wp-block-image aligncenter size-full\"><img loading=\"lazy\" decoding=\"async\" width=\"900\" height=\"532\" src=\"https:\/\/wiki.uepa.br\/wp-content\/uploads\/2025\/09\/foto1-1.png\" alt=\"\" class=\"wp-image-438\" srcset=\"https:\/\/wiki.uepa.br\/wp-content\/uploads\/2025\/09\/foto1-1.png 900w, https:\/\/wiki.uepa.br\/wp-content\/uploads\/2025\/09\/foto1-1-300x177.png 300w, https:\/\/wiki.uepa.br\/wp-content\/uploads\/2025\/09\/foto1-1-768x454.png 768w\" sizes=\"(max-width: 900px) 100vw, 900px\" \/><\/figure>\n\n\n\n<ul class=\"has-ast-global-color-8-color has-text-color has-link-color wp-elements-c2c26bc8201ecb1e635b5f840e4bdb7d\">\n<li>\u00c9 necess\u00e1rio preencher todo o formul\u00e1rio e clicar em&nbsp;<strong>Cadastrar<\/strong>.<\/li>\n<\/ul>\n\n\n\n<ol class=\"has-ast-global-color-8-color has-text-color has-link-color wp-elements-989a628ba664f733ada6fe4671e5b969\">\n<li><em>Matr\u00edcula<\/em><\/li>\n\n\n\n<li><em>N\u00edvel<\/em><\/li>\n\n\n\n<li><em>CPF<\/em><\/li>\n\n\n\n<li><em>Nome<\/em><\/li>\n\n\n\n<li><em>RG<\/em><\/li>\n\n\n\n<li><em>Data de Nascimento<\/em><\/li>\n\n\n\n<li><em>E-mail<\/em><\/li>\n\n\n\n<li><em>Ano\/Semestre Inicia<\/em><\/li>\n\n\n\n<li><em>Usu\u00e1rio<\/em><\/li>\n\n\n\n<li><em>Senha<\/em>&nbsp;\u2192&nbsp;<strong>Antes de criar a sua senha leia as dicas sobre a cria\u00e7\u00e3o e os&nbsp;<a href=\"https:\/\/ewiki.uepa.br\/doku.php?id=discente:cuidados_senha\">Cuidados com a Senha<\/a><\/strong>.<\/li>\n\n\n\n<li><em>Confirmar Senha<\/em><\/li>\n<\/ol>\n\n\n\n<figure class=\"wp-block-image aligncenter size-full\"><img loading=\"lazy\" decoding=\"async\" width=\"900\" height=\"481\" src=\"https:\/\/wiki.uepa.br\/wp-content\/uploads\/2025\/09\/foto2-1.png\" alt=\"\" class=\"wp-image-439\" srcset=\"https:\/\/wiki.uepa.br\/wp-content\/uploads\/2025\/09\/foto2-1.png 900w, https:\/\/wiki.uepa.br\/wp-content\/uploads\/2025\/09\/foto2-1-300x160.png 300w, https:\/\/wiki.uepa.br\/wp-content\/uploads\/2025\/09\/foto2-1-768x410.png 768w\" sizes=\"(max-width: 900px) 100vw, 900px\" \/><\/figure>\n\n\n\n<ul class=\"has-ast-global-color-8-color has-text-color has-link-color wp-elements-bfa677f307ed84341d26ea3a2d435b21\">\n<li>Agora o discente poder\u00e1 acessar o SIGAA &#8211; UEPA, por meio do seu&nbsp;<strong><em>login<\/em><\/strong>&nbsp;e&nbsp;<strong><em>senha<\/em><\/strong>.<\/li>\n<\/ul>\n\n\n\n<figure class=\"wp-block-image aligncenter size-full\"><img loading=\"lazy\" decoding=\"async\" width=\"900\" height=\"529\" src=\"https:\/\/wiki.uepa.br\/wp-content\/uploads\/2025\/09\/foto3-1.png\" alt=\"\" class=\"wp-image-440\" srcset=\"https:\/\/wiki.uepa.br\/wp-content\/uploads\/2025\/09\/foto3-1.png 900w, https:\/\/wiki.uepa.br\/wp-content\/uploads\/2025\/09\/foto3-1-300x176.png 300w, https:\/\/wiki.uepa.br\/wp-content\/uploads\/2025\/09\/foto3-1-768x451.png 768w\" sizes=\"(max-width: 900px) 100vw, 900px\" \/><\/figure>\n\n\n\n<ul class=\"has-ast-global-color-8-color has-text-color has-link-color wp-elements-5d0f17da39a7b2c13a4ac34d2052a025\">\n<li>O aluno ter\u00e1 o acesso ao&nbsp;<strong>Menu Discente<\/strong>:<\/li>\n<\/ul>\n\n\n\n<figure class=\"wp-block-image aligncenter size-full\"><img loading=\"lazy\" decoding=\"async\" width=\"900\" height=\"738\" src=\"https:\/\/wiki.uepa.br\/wp-content\/uploads\/2025\/09\/foto4.png\" alt=\"\" class=\"wp-image-442\" srcset=\"https:\/\/wiki.uepa.br\/wp-content\/uploads\/2025\/09\/foto4.png 900w, https:\/\/wiki.uepa.br\/wp-content\/uploads\/2025\/09\/foto4-300x246.png 300w, https:\/\/wiki.uepa.br\/wp-content\/uploads\/2025\/09\/foto4-768x630.png 768w\" sizes=\"(max-width: 900px) 100vw, 900px\" \/><\/figure>\n","protected":false},"excerpt":{"rendered":"<p>Para acessar ao sistema do SIGAA-UEPA \u00e9 necess\u00e1rio primeiro realizar o auto cadastro.<\/p>\n","protected":false},"author":1,"featured_media":0,"parent":0,"menu_order":0,"comment_status":"closed","ping_status":"closed","template":"","meta":{"_uag_custom_page_level_css":"","site-sidebar-layout":"default","site-content-layout":"","ast-site-content-layout":"","site-content-style":"default","site-sidebar-style":"default","ast-global-header-display":"","ast-banner-title-visibility":"","ast-main-header-display":"","ast-hfb-above-header-display":"","ast-hfb-below-header-display":"","ast-hfb-mobile-header-display":"","site-post-title":"","ast-breadcrumbs-content":"","ast-featured-img":"","footer-sml-layout":"","theme-transparent-header-meta":"","adv-header-id-meta":"","stick-header-meta":"","header-above-stick-meta":"","header-main-stick-meta":"","header-below-stick-meta":"","astra-migrate-meta-layouts":"","ast-page-background-enabled":"default","ast-page-background-meta":{"desktop":{"background-color":"var(--ast-global-color-4)","background-image":"","background-repeat":"repeat","background-position":"center center","background-size":"auto","background-attachment":"scroll","background-type":"","background-media":"","overlay-type":"","overlay-color":"","overlay-gradient":""},"tablet":{"background-color":"","background-image":"","background-repeat":"repeat","background-position":"center center","background-size":"auto","background-attachment":"scroll","background-type":"","background-media":"","overlay-type":"","overlay-color":"","overlay-gradient":""},"mobile":{"background-color":"","background-image":"","background-repeat":"repeat","background-position":"center center","background-size":"auto","background-attachment":"scroll","background-type":"","background-media":"","overlay-type":"","overlay-color":"","overlay-gradient":""}},"ast-content-background-meta":{"desktop":{"background-color":"var(--ast-global-color-5)","background-image":"","background-repeat":"repeat","background-position":"center center","background-size":"auto","background-attachment":"scroll","background-type":"","background-media":"","overlay-type":"","overlay-color":"","overlay-gradient":""},"tablet":{"background-color":"var(--ast-global-color-5)","background-image":"","background-repeat":"repeat","background-position":"center center","background-size":"auto","background-attachment":"scroll","background-type":"","background-media":"","overlay-type":"","overlay-color":"","overlay-gradient":""},"mobile":{"background-color":"var(--ast-global-color-5)","background-image":"","background-repeat":"repeat","background-position":"center center","background-size":"auto","background-attachment":"scroll","background-type":"","background-media":"","overlay-type":"","overlay-color":"","overlay-gradient":""}},"footnotes":""},"uagb_featured_image_src":{"full":false,"thumbnail":false,"medium":false,"medium_large":false,"large":false,"1536x1536":false,"2048x2048":false},"uagb_author_info":{"display_name":"adminsites@uepa.br","author_link":"https:\/\/wiki.uepa.br\/index.php\/author\/adminsitesuepa-br\/"},"uagb_comment_info":0,"uagb_excerpt":"Para acessar ao sistema do SIGAA-UEPA \u00e9 necess\u00e1rio primeiro realizar o auto cadastro.","_links":{"self":[{"href":"https:\/\/wiki.uepa.br\/index.php\/wp-json\/wp\/v2\/pages\/64"}],"collection":[{"href":"https:\/\/wiki.uepa.br\/index.php\/wp-json\/wp\/v2\/pages"}],"about":[{"href":"https:\/\/wiki.uepa.br\/index.php\/wp-json\/wp\/v2\/types\/page"}],"author":[{"embeddable":true,"href":"https:\/\/wiki.uepa.br\/index.php\/wp-json\/wp\/v2\/users\/1"}],"replies":[{"embeddable":true,"href":"https:\/\/wiki.uepa.br\/index.php\/wp-json\/wp\/v2\/comments?post=64"}],"version-history":[{"count":3,"href":"https:\/\/wiki.uepa.br\/index.php\/wp-json\/wp\/v2\/pages\/64\/revisions"}],"predecessor-version":[{"id":444,"href":"https:\/\/wiki.uepa.br\/index.php\/wp-json\/wp\/v2\/pages\/64\/revisions\/444"}],"wp:attachment":[{"href":"https:\/\/wiki.uepa.br\/index.php\/wp-json\/wp\/v2\/media?parent=64"}],"curies":[{"name":"wp","href":"https:\/\/api.w.org\/{rel}","templated":true}]}}