{"id":68,"date":"2024-02-19T13:46:40","date_gmt":"2024-02-19T13:46:40","guid":{"rendered":"https:\/\/wiki.uepa.br\/?page_id=68"},"modified":"2025-09-25T15:50:06","modified_gmt":"2025-09-25T15:50:06","slug":"comprovante-de-matricula","status":"publish","type":"page","link":"https:\/\/wiki.uepa.br\/index.php\/comprovante-de-matricula\/","title":{"rendered":"Comprovante de Matr\u00edcula"},"content":{"rendered":"\n<ul class=\"has-ast-global-color-8-color has-text-color has-link-color wp-elements-3853bdc8a45ff280cb2fdfd9da6b6d19\">\n<li>Para gerar o comprovante de matr\u00edcula o discente dever\u00e1 acessar o menu&nbsp;<strong>Ensino<\/strong>&nbsp;\u00bb&nbsp;<strong>Matr\u00edcula On\u2010line<\/strong>&nbsp;\u00bb&nbsp;<strong>Ver Comprovante de Matr\u00edcula<\/strong>:<\/li>\n<\/ul>\n\n\n\n<figure class=\"wp-block-image aligncenter size-full\"><img loading=\"lazy\" decoding=\"async\" width=\"613\" height=\"359\" src=\"https:\/\/wiki.uepa.br\/wp-content\/uploads\/2025\/09\/foto1-3.png\" alt=\"\" class=\"wp-image-448\" srcset=\"https:\/\/wiki.uepa.br\/wp-content\/uploads\/2025\/09\/foto1-3.png 613w, https:\/\/wiki.uepa.br\/wp-content\/uploads\/2025\/09\/foto1-3-300x176.png 300w\" sizes=\"(max-width: 613px) 100vw, 613px\" \/><\/figure>\n\n\n\n<ul class=\"has-ast-global-color-8-color has-text-color has-link-color wp-elements-fdbb5719a4281cd39559007536804cd8\">\n<li>O sistema exibir\u00e1 o comprovante de matricula do discente, o mesmo poder\u00e1 ser impresso.<\/li>\n<\/ul>\n\n\n\n<hr class=\"wp-block-separator has-alpha-channel-opacity\"\/>\n\n\n\n<ul class=\"has-ast-global-color-8-color has-text-color has-link-color wp-elements-1ff316745fff0c711dea6a31659fe084\">\n<li><strong>Observa\u00e7\u00e3o:<\/strong>&nbsp;Durante o per\u00edodo de matr\u00edcula, o&nbsp;<em>Comprovante de Solicita\u00e7\u00e3o de Matr\u00edcula<\/em>&nbsp;estar\u00e1 com a&nbsp;<em>situa\u00e7\u00e3o<\/em>: \u201c<strong>AGUARDANDO PROCESSAMENTO<\/strong>\u201d:<\/li>\n<\/ul>\n\n\n\n<figure class=\"wp-block-image aligncenter size-full\"><img loading=\"lazy\" decoding=\"async\" width=\"842\" height=\"495\" src=\"https:\/\/wiki.uepa.br\/wp-content\/uploads\/2025\/09\/foto2-3.png\" alt=\"\" class=\"wp-image-449\" srcset=\"https:\/\/wiki.uepa.br\/wp-content\/uploads\/2025\/09\/foto2-3.png 842w, https:\/\/wiki.uepa.br\/wp-content\/uploads\/2025\/09\/foto2-3-300x176.png 300w, https:\/\/wiki.uepa.br\/wp-content\/uploads\/2025\/09\/foto2-3-768x451.png 768w\" sizes=\"(max-width: 842px) 100vw, 842px\" \/><\/figure>\n\n\n\n<ul class=\"has-ast-global-color-8-color has-text-color has-link-color wp-elements-9173d7275bdedd683c7254c7b3741861\">\n<li><strong>Observa\u00e7\u00e3o:<\/strong>&nbsp;Ap\u00f3s o t\u00e9rmino do per\u00edodo de matr\u00edcula, o discente poder\u00e1 visualizar se os componentes curriculares que foram&nbsp;<strong>Deferidos<\/strong>&nbsp;ou&nbsp;<strong>n\u00e3o<\/strong>.<\/li>\n<\/ul>\n\n\n\n<figure class=\"wp-block-image aligncenter size-full\"><img loading=\"lazy\" decoding=\"async\" width=\"671\" height=\"423\" src=\"https:\/\/wiki.uepa.br\/wp-content\/uploads\/2025\/09\/foto3-2.png\" alt=\"\" class=\"wp-image-450\" srcset=\"https:\/\/wiki.uepa.br\/wp-content\/uploads\/2025\/09\/foto3-2.png 671w, https:\/\/wiki.uepa.br\/wp-content\/uploads\/2025\/09\/foto3-2-300x189.png 300w\" sizes=\"(max-width: 671px) 100vw, 671px\" \/><\/figure>\n","protected":false},"excerpt":{"rendered":"","protected":false},"author":1,"featured_media":0,"parent":0,"menu_order":0,"comment_status":"closed","ping_status":"closed","template":"","meta":{"_uag_custom_page_level_css":"","site-sidebar-layout":"default","site-content-layout":"","ast-site-content-layout":"","site-content-style":"default","site-sidebar-style":"default","ast-global-header-display":"","ast-banner-title-visibility":"","ast-main-header-display":"","ast-hfb-above-header-display":"","ast-hfb-below-header-display":"","ast-hfb-mobile-header-display":"","site-post-title":"","ast-breadcrumbs-content":"","ast-featured-img":"","footer-sml-layout":"","theme-transparent-header-meta":"","adv-header-id-meta":"","stick-header-meta":"","header-above-stick-meta":"","header-main-stick-meta":"","header-below-stick-meta":"","astra-migrate-meta-layouts":"","ast-page-background-enabled":"default","ast-page-background-meta":{"desktop":{"background-color":"var(--ast-global-color-4)","background-image":"","background-repeat":"repeat","background-position":"center center","background-size":"auto","background-attachment":"scroll","background-type":"","background-media":"","overlay-type":"","overlay-color":"","overlay-gradient":""},"tablet":{"background-color":"","background-image":"","background-repeat":"repeat","background-position":"center center","background-size":"auto","background-attachment":"scroll","background-type":"","background-media":"","overlay-type":"","overlay-color":"","overlay-gradient":""},"mobile":{"background-color":"","background-image":"","background-repeat":"repeat","background-position":"center center","background-size":"auto","background-attachment":"scroll","background-type":"","background-media":"","overlay-type":"","overlay-color":"","overlay-gradient":""}},"ast-content-background-meta":{"desktop":{"background-color":"var(--ast-global-color-5)","background-image":"","background-repeat":"repeat","background-position":"center center","background-size":"auto","background-attachment":"scroll","background-type":"","background-media":"","overlay-type":"","overlay-color":"","overlay-gradient":""},"tablet":{"background-color":"var(--ast-global-color-5)","background-image":"","background-repeat":"repeat","background-position":"center center","background-size":"auto","background-attachment":"scroll","background-type":"","background-media":"","overlay-type":"","overlay-color":"","overlay-gradient":""},"mobile":{"background-color":"var(--ast-global-color-5)","background-image":"","background-repeat":"repeat","background-position":"center center","background-size":"auto","background-attachment":"scroll","background-type":"","background-media":"","overlay-type":"","overlay-color":"","overlay-gradient":""}},"footnotes":""},"uagb_featured_image_src":{"full":false,"thumbnail":false,"medium":false,"medium_large":false,"large":false,"1536x1536":false,"2048x2048":false},"uagb_author_info":{"display_name":"adminsites@uepa.br","author_link":"https:\/\/wiki.uepa.br\/index.php\/author\/adminsitesuepa-br\/"},"uagb_comment_info":0,"uagb_excerpt":null,"_links":{"self":[{"href":"https:\/\/wiki.uepa.br\/index.php\/wp-json\/wp\/v2\/pages\/68"}],"collection":[{"href":"https:\/\/wiki.uepa.br\/index.php\/wp-json\/wp\/v2\/pages"}],"about":[{"href":"https:\/\/wiki.uepa.br\/index.php\/wp-json\/wp\/v2\/types\/page"}],"author":[{"embeddable":true,"href":"https:\/\/wiki.uepa.br\/index.php\/wp-json\/wp\/v2\/users\/1"}],"replies":[{"embeddable":true,"href":"https:\/\/wiki.uepa.br\/index.php\/wp-json\/wp\/v2\/comments?post=68"}],"version-history":[{"count":2,"href":"https:\/\/wiki.uepa.br\/index.php\/wp-json\/wp\/v2\/pages\/68\/revisions"}],"predecessor-version":[{"id":451,"href":"https:\/\/wiki.uepa.br\/index.php\/wp-json\/wp\/v2\/pages\/68\/revisions\/451"}],"wp:attachment":[{"href":"https:\/\/wiki.uepa.br\/index.php\/wp-json\/wp\/v2\/media?parent=68"}],"curies":[{"name":"wp","href":"https:\/\/api.w.org\/{rel}","templated":true}]}}