{"id":77,"date":"2024-02-19T14:12:40","date_gmt":"2024-02-19T14:12:40","guid":{"rendered":"https:\/\/wiki.uepa.br\/?page_id=77"},"modified":"2025-09-25T15:58:17","modified_gmt":"2025-09-25T15:58:17","slug":"realizar-matricula-online","status":"publish","type":"page","link":"https:\/\/wiki.uepa.br\/index.php\/realizar-matricula-online\/","title":{"rendered":"Realizar Matr\u00edcula Online"},"content":{"rendered":"\n<h3 class=\"wp-block-heading has-text-align-center\" id=\"passo_a_passo_realizar_a_matricula_online\"><strong>Passo a passo realizar a matr\u00edcula Online<\/strong><\/h3>\n\n\n\n<ul class=\"has-ast-global-color-8-color has-text-color has-link-color wp-elements-3666797d9eeb7fdf5fad69d924b13a93\">\n<li>Dever\u00e1 ser realizado a matr\u00edcula on-line com discente vinculado ao mesmo curso de conv\u00eanio que foi informado na oferta de turma<\/li>\n\n\n\n<li>Para realizar a matr\u00edcula online, o aluno dever\u00e1 entrar no portal do discente e ir em Ensino &gt; Matr\u00edcula On-line &gt; Realizar Matr\u00edcula:<a href=\"https:\/\/ewiki.uepa.br\/lib\/exe\/detail.php?id=discente%3Arealizar_matricula&amp;media=servidor:coordenador_de_curso:2formapara21.png\"><\/a><\/li>\n\n\n\n<li>Clique na op\u00e7\u00e3o Iniciar Sele\u00e7\u00e3o de Turmas e selecione a turma deseja. Ap\u00f3s selecionar a turma, clique em Adicionar turmas selecionadas:<\/li>\n<\/ul>\n\n\n\n<figure class=\"wp-block-image aligncenter size-full\"><img loading=\"lazy\" decoding=\"async\" width=\"900\" height=\"298\" src=\"https:\/\/wiki.uepa.br\/wp-content\/uploads\/2025\/09\/2formapara22.png\" alt=\"\" class=\"wp-image-487\" srcset=\"https:\/\/wiki.uepa.br\/wp-content\/uploads\/2025\/09\/2formapara22.png 900w, https:\/\/wiki.uepa.br\/wp-content\/uploads\/2025\/09\/2formapara22-300x99.png 300w, https:\/\/wiki.uepa.br\/wp-content\/uploads\/2025\/09\/2formapara22-768x254.png 768w\" sizes=\"(max-width: 900px) 100vw, 900px\" \/><\/figure>\n\n\n\n<ul class=\"has-ast-global-color-8-color has-text-color has-link-color wp-elements-06388c294685ec165660ea327a86fba1\">\n<li>Logo em seguida, deve-se confirmar a opera\u00e7\u00e3o clicando em \u201cConfirmar Matr\u00edculas\u201d:<\/li>\n<\/ul>\n\n\n\n<figure class=\"wp-block-image aligncenter size-full\"><img loading=\"lazy\" decoding=\"async\" width=\"900\" height=\"176\" src=\"https:\/\/wiki.uepa.br\/wp-content\/uploads\/2025\/09\/2formapara23.png\" alt=\"\" class=\"wp-image-488\" srcset=\"https:\/\/wiki.uepa.br\/wp-content\/uploads\/2025\/09\/2formapara23.png 900w, https:\/\/wiki.uepa.br\/wp-content\/uploads\/2025\/09\/2formapara23-300x59.png 300w, https:\/\/wiki.uepa.br\/wp-content\/uploads\/2025\/09\/2formapara23-768x150.png 768w\" sizes=\"(max-width: 900px) 100vw, 900px\" \/><\/figure>\n\n\n\n<ul class=\"has-ast-global-color-8-color has-text-color has-link-color wp-elements-6a164ad8aa78161d6df4efb91a6a9b51\">\n<li>O sistema pedir\u00e1 para confirmar a opera\u00e7\u00e3o com uma informa\u00e7\u00e3o de documento pessoal do aluno e a senha dele. Ap\u00f3s confirmar essa opera\u00e7\u00e3o clicando em \u201cConfirmar Matr\u00edculas\u201d, o sistema emitir\u00e1 um alerta informando a confirma\u00e7\u00e3o da solicita\u00e7\u00e3o de matr\u00edcula que foi gerada:<\/li>\n<\/ul>\n\n\n\n<figure class=\"wp-block-image aligncenter size-full\"><img loading=\"lazy\" decoding=\"async\" width=\"900\" height=\"165\" src=\"https:\/\/wiki.uepa.br\/wp-content\/uploads\/2025\/09\/2formapara24.png\" alt=\"\" class=\"wp-image-489\" srcset=\"https:\/\/wiki.uepa.br\/wp-content\/uploads\/2025\/09\/2formapara24.png 900w, https:\/\/wiki.uepa.br\/wp-content\/uploads\/2025\/09\/2formapara24-300x55.png 300w, https:\/\/wiki.uepa.br\/wp-content\/uploads\/2025\/09\/2formapara24-768x141.png 768w\" sizes=\"(max-width: 900px) 100vw, 900px\" \/><\/figure>\n\n\n\n<h3 class=\"wp-block-heading has-text-align-center uag-hide-desktop uag-hide-tab uag-hide-mob\" id=\"video_tutorial\"><strong>V\u00eddeo Tutorial<\/strong><\/h3>\n\n\n\n<ul class=\"has-ast-global-color-8-color has-text-color has-link-color wp-elements-c6bafba80f749775467d34d1b7a366f0\">\n<li class=\"uag-hide-desktop uag-hide-tab uag-hide-mob\">Caso esteja com dificuldades para realizar a sua matr\u00edcula assista o v\u00eddeo tutorial que mostra passo a passo como realizar a matr\u00edcula pelo SIGAA &#8211; UEPA.<\/li>\n<\/ul>\n\n\n\n<figure class=\"wp-block-video\"><\/figure>\n\n\n\n<p class=\"has-text-align-center has-ast-global-color-8-color has-text-color has-link-color uag-hide-desktop uag-hide-tab uag-hide-mob wp-elements-3c7368fab39b1c2a07a11a540dcca046\">O v\u00eddeo tutorial foi elaborado e desenvolvido pelo Centro Acad\u00eamico de Terapia Ocupacional do CCBS\/Bel\u00e9m.<\/p>\n","protected":false},"excerpt":{"rendered":"<p>Passo a passo realizar a matr\u00edcula Online V\u00eddeo Tutorial O v\u00eddeo tutorial foi elaborado e desenvolvido pelo Centro Acad\u00eamico de Terapia Ocupacional do CCBS\/Bel\u00e9m.<\/p>\n","protected":false},"author":1,"featured_media":0,"parent":0,"menu_order":0,"comment_status":"closed","ping_status":"closed","template":"","meta":{"_uag_custom_page_level_css":"","site-sidebar-layout":"default","site-content-layout":"","ast-site-content-layout":"","site-content-style":"default","site-sidebar-style":"default","ast-global-header-display":"","ast-banner-title-visibility":"","ast-main-header-display":"","ast-hfb-above-header-display":"","ast-hfb-below-header-display":"","ast-hfb-mobile-header-display":"","site-post-title":"","ast-breadcrumbs-content":"","ast-featured-img":"","footer-sml-layout":"","theme-transparent-header-meta":"","adv-header-id-meta":"","stick-header-meta":"","header-above-stick-meta":"","header-main-stick-meta":"","header-below-stick-meta":"","astra-migrate-meta-layouts":"","ast-page-background-enabled":"default","ast-page-background-meta":{"desktop":{"background-color":"var(--ast-global-color-4)","background-image":"","background-repeat":"repeat","background-position":"center center","background-size":"auto","background-attachment":"scroll","background-type":"","background-media":"","overlay-type":"","overlay-color":"","overlay-gradient":""},"tablet":{"background-color":"","background-image":"","background-repeat":"repeat","background-position":"center center","background-size":"auto","background-attachment":"scroll","background-type":"","background-media":"","overlay-type":"","overlay-color":"","overlay-gradient":""},"mobile":{"background-color":"","background-image":"","background-repeat":"repeat","background-position":"center center","background-size":"auto","background-attachment":"scroll","background-type":"","background-media":"","overlay-type":"","overlay-color":"","overlay-gradient":""}},"ast-content-background-meta":{"desktop":{"background-color":"var(--ast-global-color-5)","background-image":"","background-repeat":"repeat","background-position":"center center","background-size":"auto","background-attachment":"scroll","background-type":"","background-media":"","overlay-type":"","overlay-color":"","overlay-gradient":""},"tablet":{"background-color":"var(--ast-global-color-5)","background-image":"","background-repeat":"repeat","background-position":"center center","background-size":"auto","background-attachment":"scroll","background-type":"","background-media":"","overlay-type":"","overlay-color":"","overlay-gradient":""},"mobile":{"background-color":"var(--ast-global-color-5)","background-image":"","background-repeat":"repeat","background-position":"center center","background-size":"auto","background-attachment":"scroll","background-type":"","background-media":"","overlay-type":"","overlay-color":"","overlay-gradient":""}},"footnotes":""},"uagb_featured_image_src":{"full":false,"thumbnail":false,"medium":false,"medium_large":false,"large":false,"1536x1536":false,"2048x2048":false},"uagb_author_info":{"display_name":"adminsites@uepa.br","author_link":"https:\/\/wiki.uepa.br\/index.php\/author\/adminsitesuepa-br\/"},"uagb_comment_info":0,"uagb_excerpt":"Passo a passo realizar a matr\u00edcula Online V\u00eddeo Tutorial O v\u00eddeo tutorial foi elaborado e desenvolvido pelo Centro Acad\u00eamico de Terapia Ocupacional do CCBS\/Bel\u00e9m.","_links":{"self":[{"href":"https:\/\/wiki.uepa.br\/index.php\/wp-json\/wp\/v2\/pages\/77"}],"collection":[{"href":"https:\/\/wiki.uepa.br\/index.php\/wp-json\/wp\/v2\/pages"}],"about":[{"href":"https:\/\/wiki.uepa.br\/index.php\/wp-json\/wp\/v2\/types\/page"}],"author":[{"embeddable":true,"href":"https:\/\/wiki.uepa.br\/index.php\/wp-json\/wp\/v2\/users\/1"}],"replies":[{"embeddable":true,"href":"https:\/\/wiki.uepa.br\/index.php\/wp-json\/wp\/v2\/comments?post=77"}],"version-history":[{"count":4,"href":"https:\/\/wiki.uepa.br\/index.php\/wp-json\/wp\/v2\/pages\/77\/revisions"}],"predecessor-version":[{"id":490,"href":"https:\/\/wiki.uepa.br\/index.php\/wp-json\/wp\/v2\/pages\/77\/revisions\/490"}],"wp:attachment":[{"href":"https:\/\/wiki.uepa.br\/index.php\/wp-json\/wp\/v2\/media?parent=77"}],"curies":[{"name":"wp","href":"https:\/\/api.w.org\/{rel}","templated":true}]}}