{"id":83,"date":"2024-02-19T14:57:51","date_gmt":"2024-02-19T14:57:51","guid":{"rendered":"https:\/\/wiki.uepa.br\/?page_id=83"},"modified":"2025-09-25T16:07:36","modified_gmt":"2025-09-25T16:07:36","slug":"turma-virtual","status":"publish","type":"page","link":"https:\/\/wiki.uepa.br\/index.php\/turma-virtual\/","title":{"rendered":"Turma Virtual"},"content":{"rendered":"\n<p class=\"has-text-align-center has-ast-global-color-8-color has-text-color has-link-color wp-elements-4c83e33fbbfb1d2bc68a150b0b500907\">A turma virtual \u00e9 uma funcionalidade do SIGAA que permite a intera\u00e7\u00e3o entre professores e alunos, com lo objetivo de facilitar a comunica\u00e7\u00e3o entre os participantes da turma.<\/p>\n\n\n\n<ul class=\"has-ast-global-color-8-color has-text-color has-link-color wp-elements-db2d8f153716ac0e60c9bf5869230e98\">\n<li>Para visualizar a turma virtual, acesse o SIGAA \u00bb M\u00f3dulos \u00bb Portal do Discente \u00bb Turmas do semestre \u00bb Componente Curricular &#8211;&nbsp;<em>clicar no link da turma que deseja acessar<\/em>&nbsp;&#8211; \u00bb Menu Turma Virtual \u00bb Turma \u00bb Principal.<\/li>\n<\/ul>\n\n\n\n<figure class=\"wp-block-image aligncenter size-full\"><img loading=\"lazy\" decoding=\"async\" width=\"900\" height=\"454\" src=\"https:\/\/wiki.uepa.br\/wp-content\/uploads\/2025\/09\/turvirt_disc1.png\" alt=\"\" class=\"wp-image-504\" srcset=\"https:\/\/wiki.uepa.br\/wp-content\/uploads\/2025\/09\/turvirt_disc1.png 900w, https:\/\/wiki.uepa.br\/wp-content\/uploads\/2025\/09\/turvirt_disc1-300x151.png 300w, https:\/\/wiki.uepa.br\/wp-content\/uploads\/2025\/09\/turvirt_disc1-768x387.png 768w\" sizes=\"(max-width: 900px) 100vw, 900px\" \/><\/figure>\n\n\n\n<ul class=\"has-ast-global-color-8-color has-text-color has-link-color wp-elements-3989d6d97f0219387cc96e86c4d61104\">\n<li><a href=\"https:\/\/ewiki.uepa.br\/lib\/exe\/detail.php?id=discente%3Adiscente_turmavirtual&amp;media=discente:ferramenta.png\"><\/a>&nbsp;\u2192 \u00edcone que exibe as Op\u00e7\u00f5es presentes na p\u00e1gina principal do Portal Discente:<\/li>\n<\/ul>\n\n\n\n<figure class=\"wp-block-image aligncenter size-full\"><img loading=\"lazy\" decoding=\"async\" width=\"362\" height=\"73\" src=\"https:\/\/wiki.uepa.br\/wp-content\/uploads\/2025\/09\/ferramenta_1_modulos-1.png\" alt=\"\" class=\"wp-image-506\" srcset=\"https:\/\/wiki.uepa.br\/wp-content\/uploads\/2025\/09\/ferramenta_1_modulos-1.png 362w, https:\/\/wiki.uepa.br\/wp-content\/uploads\/2025\/09\/ferramenta_1_modulos-1-300x60.png 300w\" sizes=\"(max-width: 362px) 100vw, 362px\" \/><\/figure>\n\n\n\n<hr class=\"wp-block-separator has-alpha-channel-opacity\"\/>\n\n\n\n<h3 class=\"wp-block-heading has-text-align-center\" id=\"menu_turma_virtual\"><strong>Menu Turma Virtual<\/strong><\/h3>\n\n\n\n<div class=\"wp-block-columns is-not-stacked-on-mobile is-layout-flex wp-container-core-columns-layout-1 wp-block-columns-is-layout-flex\">\n<div class=\"wp-block-column is-layout-flow wp-block-column-is-layout-flow\" style=\"flex-basis:66.66%\">\n<p>Na se\u00e7\u00e3o&nbsp;<strong>Turma<\/strong>, o discente poder\u00e1 acessar as principais fun\u00e7\u00f5es referente \u00e0 turma virtual:<\/p>\n\n\n\n<ul>\n<li><strong><a href=\"https:\/\/ewiki.uepa.br\/doku.php?id=discente:discente_turmavirtual:gerenciar_perfil\">Gerenciar Perfil<\/a><\/strong>&nbsp;\u2192 O aluno pode gerenciar um texto que ser\u00e1 exibido em seu perfil na turma virtual;<\/li>\n\n\n\n<li><strong><a href=\"https:\/\/ewiki.uepa.br\/doku.php?id=discente:discente_turmavirtual:plano_de_curso\">Plano de Curso<\/a><\/strong>&nbsp;\u2192 O discente visualiza o Plano de Curso disponibilizado pelo docente da turma;<\/li>\n\n\n\n<li><strong><a href=\"https:\/\/ewiki.uepa.br\/doku.php?id=discente:discente_turmavirtual:participantes\">Participantes<\/a><\/strong>&nbsp;\u2192 Permite a visualiza\u00e7\u00e3o das informa\u00e7\u00f5es de contato de todos os participantes da turma virtual;<\/li>\n\n\n\n<li>Visualizar Programa \u2192 Permite a visualiza\u00e7\u00e3o do conte\u00fado do programa que ser\u00e1 desenvolvido pelo docente no per\u00edodo letivo (<em>informando o que ser\u00e1 ministrado para a turma<\/em>);<\/li>\n\n\n\n<li>F\u00f3runs \u2192 Permite ao participante da turma visualizar e responder aos f\u00f3runs destinados para discuss\u00f5es sobre assuntos da disciplina, al\u00e9m de visualizar avisos gerais enviados pelo docente a todos discentes da turma;<\/li>\n\n\n\n<li>Chat da turma \u2192 Permite ao discente que comp\u00f5e a turma interagir de forma simult\u00e2nea com os demais participantes da turma virtual, possibilitando a troca de informa\u00e7\u00f5es de interesse da turma;<\/li>\n\n\n\n<li>Chats agendados \u2192 O discente poder\u00e1 participar de um bate-papo virtual agendado pelo docente da disciplina, possibilitando uma intera\u00e7\u00e3o simult\u00e2nea entre os participantes, em tempo real;<\/li>\n\n\n\n<li>Not\u00edcias \u2192 Permite visualizar as not\u00edcias cadastradas pelo professor para a turma.&nbsp;<em>Essas not\u00edcias tamb\u00e9m podem ser visualizadas pelos participantes no e-mail cadastrado no sistema<\/em>;<\/li>\n<\/ul>\n\n\n\n<p>Na se\u00e7\u00e3o&nbsp;<strong>Alunos<\/strong>, o aluno pode verificar as informa\u00e7\u00f5es referentes \u00e0 sua participa\u00e7\u00e3o na turma:<\/p>\n\n\n\n<ul>\n<li><strong><a href=\"https:\/\/ewiki.uepa.br\/doku.php?id=discente:discente_turmavirtual:frequencia\">Frequ\u00eancia<\/a><\/strong>&nbsp;\u2192 O aluno pode visualizar as suas faltas e frequ\u00eancia em sala da aula;<\/li>\n\n\n\n<li>Ver Grupo \u2192 Permite ao discente visualizar os integrantes de seu grupo na turma;<\/li>\n\n\n\n<li><strong><a href=\"https:\/\/ewiki.uepa.br\/doku.php?id=discente:discente_turmavirtual:ver_notas\">Ver Notas<\/a><\/strong>&nbsp;\u2192 Permite ao aluno ver as notas de suas avalia\u00e7\u00f5es na turma virtual;<\/li>\n<\/ul>\n\n\n\n<p>Na se\u00e7\u00e3o&nbsp;<strong>Materiais<\/strong>, o discente ter\u00e1 acesso aos materiais utilizados para o ensino da disciplina;<\/p>\n\n\n\n<ul>\n<li>Conte\u00fado\/P\u00e1gina Web \u2192 Permite ao aluno visualizar as op\u00e7\u00f5es de conte\u00fado e p\u00e1ginas na internet disponibilizadas pelo docente da turma;<\/li>\n\n\n\n<li>Refer\u00eancias \u2192 Permite ao discente visualizar as refer\u00eancias bibliogr\u00e1ficas propostas pelo docente da turma virtual relacionadas \u00e0 disciplina;<\/li>\n\n\n\n<li>V\u00eddeos \u2192 Disponibiliza ao aluno as refer\u00eancias de v\u00eddeo passadas pelo professor;<\/li>\n<\/ul>\n\n\n\n<p>Na se\u00e7\u00e3o&nbsp;<strong>Atividades<\/strong>, o docente da turma interage com os participantes da turma virtual por meio de atividades a serem avaliadas por ele para o andamento da turma;<\/p>\n\n\n\n<ul>\n<li>Avalia\u00e7\u00f5es \u2192 Neste t\u00f3pico s\u00e3o visualizadas as datas e hor\u00e1rio das avalia\u00e7\u00f5es que ser\u00e3o aplicadas;<\/li>\n\n\n\n<li>Enquetes \u2192 Permite que o discente vote numa enquete, cadastrada pelo professor, escolhendo uma das alternativas;<\/li>\n\n\n\n<li>Tarefas \u2192 Permite ao aluno o acesso \u00e0s tarefas que o docente da turma cadastrou. Possibilitando o envio das mesmas para o docente e a posterior visualiza\u00e7\u00e3o da tarefa corrigida pelo professor;<\/li>\n\n\n\n<li>Question\u00e1rios \u2192 Nessa fun\u00e7\u00e3o, o discente \u00e9 levado a responder question\u00e1rios elaborados pelo professor;<\/li>\n<\/ul>\n\n\n\n<p>Na se\u00e7\u00e3o&nbsp;<strong>Ajuda<\/strong>&nbsp;\u00e9 exibida uma opera\u00e7\u00e3o que d\u00e1 suporte ao usu\u00e1rio em rela\u00e7\u00e3o ao funcionamento dos sistema e suas opera\u00e7\u00f5es gerais.<\/p>\n<\/div>\n\n\n\n<div class=\"wp-block-column is-layout-flow wp-block-column-is-layout-flow\" style=\"flex-basis:33.33%\">\n<figure class=\"wp-block-image aligncenter size-full is-resized\"><img loading=\"lazy\" decoding=\"async\" width=\"175\" height=\"700\" src=\"https:\/\/wiki.uepa.br\/wp-content\/uploads\/2025\/09\/turvirt_disc_menu.png\" alt=\"\" class=\"wp-image-509\" style=\"width:495px;height:auto\" srcset=\"https:\/\/wiki.uepa.br\/wp-content\/uploads\/2025\/09\/turvirt_disc_menu.png 175w, https:\/\/wiki.uepa.br\/wp-content\/uploads\/2025\/09\/turvirt_disc_menu-75x300.png 75w\" sizes=\"(max-width: 175px) 100vw, 175px\" \/><\/figure>\n<\/div>\n<\/div>\n\n\n\n<hr class=\"wp-block-separator has-alpha-channel-opacity\"\/>\n\n\n\n<h3 class=\"wp-block-heading has-text-align-center\" id=\"area_de_trabalho\">\u00c1rea de Trabalho<\/h3>\n\n\n\n<p class=\"has-text-align-center has-ast-global-color-8-color has-text-color has-link-color wp-elements-e5051b437d6e7d6d57ca494d1eac5bc2\">Na \u00e1rea de trabalho s\u00e3o organizadas as informa\u00e7\u00f5es detalhadas sobre as aulas da turma virtual, organizadas de acordo com as datas espec\u00edficas.<\/p>\n\n\n\n<figure class=\"wp-block-image aligncenter size-full\"><img loading=\"lazy\" decoding=\"async\" width=\"600\" height=\"408\" src=\"https:\/\/wiki.uepa.br\/wp-content\/uploads\/2025\/09\/turvirt_area_trabalho.png\" alt=\"\" class=\"wp-image-512\" srcset=\"https:\/\/wiki.uepa.br\/wp-content\/uploads\/2025\/09\/turvirt_area_trabalho.png 600w, https:\/\/wiki.uepa.br\/wp-content\/uploads\/2025\/09\/turvirt_area_trabalho-300x204.png 300w\" sizes=\"(max-width: 600px) 100vw, 600px\" \/><\/figure>\n\n\n\n<p class=\"has-text-align-center has-ast-global-color-8-color has-text-color has-link-color wp-elements-11c8f471e23a5661a7889a5ebec2e148\"><strong>Observa\u00e7\u00e3o:<\/strong>&nbsp;Os links apresentados na \u00c1rea de Trabalho correspondem a arquivos adicionados pelo docente da turma a fim de compartilh\u00e1-los com os discentes. Para realizar o download do arquivo, clique no link desejado. O sistema iniciar\u00e1 o download automaticamente.<\/p>\n\n\n\n<hr class=\"wp-block-separator has-alpha-channel-opacity\"\/>\n\n\n\n<h3 class=\"wp-block-heading has-text-align-center\" id=\"painel_de_noticias\"><strong>Painel de Not\u00edcias<\/strong><\/h3>\n\n\n\n<p class=\"has-text-align-center has-ast-global-color-8-color has-text-color has-link-color wp-elements-bee9ba5ff53d01bd645de76936c6f873\">No painel de not\u00edcias s\u00e3o publicadas as informa\u00e7\u00f5es sobre Not\u00edcias, Enquetes, Atividades e Avalia\u00e7\u00f5es aos discentes pelos docentes.<\/p>\n\n\n\n<figure class=\"wp-block-image aligncenter size-full\"><img loading=\"lazy\" decoding=\"async\" width=\"242\" height=\"535\" src=\"https:\/\/wiki.uepa.br\/wp-content\/uploads\/2025\/09\/turvirt_painel_noticias.png\" alt=\"\" class=\"wp-image-516\" srcset=\"https:\/\/wiki.uepa.br\/wp-content\/uploads\/2025\/09\/turvirt_painel_noticias.png 242w, https:\/\/wiki.uepa.br\/wp-content\/uploads\/2025\/09\/turvirt_painel_noticias-136x300.png 136w\" sizes=\"(max-width: 242px) 100vw, 242px\" \/><\/figure>\n","protected":false},"excerpt":{"rendered":"<p>A turma virtual \u00e9 uma funcionalidade do SIGAA que permite a intera\u00e7\u00e3o entre professores e alunos, com lo objetivo de facilitar a comunica\u00e7\u00e3o entre os participantes da turma. Menu Turma Virtual Na se\u00e7\u00e3o&nbsp;Turma, o discente poder\u00e1 acessar as principais fun\u00e7\u00f5es referente \u00e0 turma virtual: Na se\u00e7\u00e3o&nbsp;Alunos, o aluno pode verificar as informa\u00e7\u00f5es referentes \u00e0 sua &hellip;<\/p>\n<p class=\"read-more\"> <a class=\"\" href=\"https:\/\/wiki.uepa.br\/index.php\/turma-virtual\/\"> <span class=\"screen-reader-text\">Turma Virtual<\/span> Leia mais &raquo;<\/a><\/p>\n","protected":false},"author":1,"featured_media":0,"parent":0,"menu_order":0,"comment_status":"closed","ping_status":"closed","template":"","meta":{"_uag_custom_page_level_css":"","site-sidebar-layout":"default","site-content-layout":"","ast-site-content-layout":"","site-content-style":"default","site-sidebar-style":"default","ast-global-header-display":"","ast-banner-title-visibility":"","ast-main-header-display":"","ast-hfb-above-header-display":"","ast-hfb-below-header-display":"","ast-hfb-mobile-header-display":"","site-post-title":"","ast-breadcrumbs-content":"","ast-featured-img":"","footer-sml-layout":"","theme-transparent-header-meta":"","adv-header-id-meta":"","stick-header-meta":"","header-above-stick-meta":"","header-main-stick-meta":"","header-below-stick-meta":"","astra-migrate-meta-layouts":"","ast-page-background-enabled":"default","ast-page-background-meta":{"desktop":{"background-color":"var(--ast-global-color-4)","background-image":"","background-repeat":"repeat","background-position":"center center","background-size":"auto","background-attachment":"scroll","background-type":"","background-media":"","overlay-type":"","overlay-color":"","overlay-gradient":""},"tablet":{"background-color":"","background-image":"","background-repeat":"repeat","background-position":"center center","background-size":"auto","background-attachment":"scroll","background-type":"","background-media":"","overlay-type":"","overlay-color":"","overlay-gradient":""},"mobile":{"background-color":"","background-image":"","background-repeat":"repeat","background-position":"center center","background-size":"auto","background-attachment":"scroll","background-type":"","background-media":"","overlay-type":"","overlay-color":"","overlay-gradient":""}},"ast-content-background-meta":{"desktop":{"background-color":"var(--ast-global-color-5)","background-image":"","background-repeat":"repeat","background-position":"center center","background-size":"auto","background-attachment":"scroll","background-type":"","background-media":"","overlay-type":"","overlay-color":"","overlay-gradient":""},"tablet":{"background-color":"var(--ast-global-color-5)","background-image":"","background-repeat":"repeat","background-position":"center center","background-size":"auto","background-attachment":"scroll","background-type":"","background-media":"","overlay-type":"","overlay-color":"","overlay-gradient":""},"mobile":{"background-color":"var(--ast-global-color-5)","background-image":"","background-repeat":"repeat","background-position":"center center","background-size":"auto","background-attachment":"scroll","background-type":"","background-media":"","overlay-type":"","overlay-color":"","overlay-gradient":""}},"footnotes":""},"uagb_featured_image_src":{"full":false,"thumbnail":false,"medium":false,"medium_large":false,"large":false,"1536x1536":false,"2048x2048":false},"uagb_author_info":{"display_name":"adminsites@uepa.br","author_link":"https:\/\/wiki.uepa.br\/index.php\/author\/adminsitesuepa-br\/"},"uagb_comment_info":0,"uagb_excerpt":"A turma virtual \u00e9 uma funcionalidade do SIGAA que permite a intera\u00e7\u00e3o entre professores e alunos, com lo objetivo de facilitar a comunica\u00e7\u00e3o entre os participantes da turma. Menu Turma Virtual Na se\u00e7\u00e3o&nbsp;Turma, o discente poder\u00e1 acessar as principais fun\u00e7\u00f5es referente \u00e0 turma virtual: Na se\u00e7\u00e3o&nbsp;Alunos, o aluno pode verificar as informa\u00e7\u00f5es referentes \u00e0 sua&hellip;","_links":{"self":[{"href":"https:\/\/wiki.uepa.br\/index.php\/wp-json\/wp\/v2\/pages\/83"}],"collection":[{"href":"https:\/\/wiki.uepa.br\/index.php\/wp-json\/wp\/v2\/pages"}],"about":[{"href":"https:\/\/wiki.uepa.br\/index.php\/wp-json\/wp\/v2\/types\/page"}],"author":[{"embeddable":true,"href":"https:\/\/wiki.uepa.br\/index.php\/wp-json\/wp\/v2\/users\/1"}],"replies":[{"embeddable":true,"href":"https:\/\/wiki.uepa.br\/index.php\/wp-json\/wp\/v2\/comments?post=83"}],"version-history":[{"count":9,"href":"https:\/\/wiki.uepa.br\/index.php\/wp-json\/wp\/v2\/pages\/83\/revisions"}],"predecessor-version":[{"id":520,"href":"https:\/\/wiki.uepa.br\/index.php\/wp-json\/wp\/v2\/pages\/83\/revisions\/520"}],"wp:attachment":[{"href":"https:\/\/wiki.uepa.br\/index.php\/wp-json\/wp\/v2\/media?parent=83"}],"curies":[{"name":"wp","href":"https:\/\/api.w.org\/{rel}","templated":true}]}}