{"id":94,"date":"2024-02-19T15:03:42","date_gmt":"2024-02-19T15:03:42","guid":{"rendered":"https:\/\/wiki.uepa.br\/?page_id=94"},"modified":"2025-09-25T16:11:24","modified_gmt":"2025-09-25T16:11:24","slug":"gerenciar-perfil","status":"publish","type":"page","link":"https:\/\/wiki.uepa.br\/index.php\/turma-virtual\/gerenciar-perfil\/","title":{"rendered":"Gerenciar Perfil"},"content":{"rendered":"\n<p class=\"has-text-align-center has-ast-global-color-8-color has-text-color has-link-color wp-elements-f3562f2120f5dfda33a54946cc784b92\">Esta funcionalidade permite ao aluno elaborar um texto que ser\u00e1 exibido em seu perfil na turma virtual, com o objetivo de facilitar a identifica\u00e7\u00e3o do discente. O texto escrito pelo pr\u00f3prio usu\u00e1rio \u00e9 exibido em diversas p\u00e1ginas da turma virtual.<\/p>\n\n\n\n<ul class=\"has-ast-global-color-8-color has-text-color has-link-color wp-elements-caaefcfaf90467c4c8ab25910a7d5f29\">\n<li>Para gerenciar o perfil, acesse o SIGAA \u00bb M\u00f3dulos \u00bb Portal do Discente \u00bb Turmas do semestre \u00bb Componente Curricular \u00bb Menu Turma Virtual \u00bb Turma \u00bb Gerenciar Perfil.<\/li>\n<\/ul>\n\n\n\n<figure class=\"wp-block-image aligncenter size-full\"><img loading=\"lazy\" decoding=\"async\" width=\"900\" height=\"445\" src=\"https:\/\/wiki.uepa.br\/wp-content\/uploads\/2025\/09\/gerenciar_perfil.png\" alt=\"\" class=\"wp-image-536\" srcset=\"https:\/\/wiki.uepa.br\/wp-content\/uploads\/2025\/09\/gerenciar_perfil.png 900w, https:\/\/wiki.uepa.br\/wp-content\/uploads\/2025\/09\/gerenciar_perfil-300x148.png 300w, https:\/\/wiki.uepa.br\/wp-content\/uploads\/2025\/09\/gerenciar_perfil-768x380.png 768w\" sizes=\"(max-width: 900px) 100vw, 900px\" \/><\/figure>\n\n\n\n<ul class=\"has-ast-global-color-8-color has-text-color has-link-color wp-elements-b31e2e6532474f561a83f93f32c25f85\">\n<li>Ap\u00f3s realizar a descri\u00e7\u00e3o do seu perfil, clique em&nbsp;<strong>Cadastrar<\/strong>&nbsp;para&nbsp;<strong>salvar<\/strong>&nbsp;o que foi escrito. A seguinte tela informando o sucesso da opera\u00e7\u00e3o ser\u00e1 apresentada:<\/li>\n<\/ul>\n\n\n\n<figure class=\"wp-block-image aligncenter size-full\"><img loading=\"lazy\" decoding=\"async\" width=\"900\" height=\"55\" src=\"https:\/\/wiki.uepa.br\/wp-content\/uploads\/2025\/09\/operacao_rea_com_sucesso.png\" alt=\"\" class=\"wp-image-538\" srcset=\"https:\/\/wiki.uepa.br\/wp-content\/uploads\/2025\/09\/operacao_rea_com_sucesso.png 900w, https:\/\/wiki.uepa.br\/wp-content\/uploads\/2025\/09\/operacao_rea_com_sucesso-300x18.png 300w, https:\/\/wiki.uepa.br\/wp-content\/uploads\/2025\/09\/operacao_rea_com_sucesso-768x47.png 768w\" sizes=\"(max-width: 900px) 100vw, 900px\" \/><\/figure>\n\n\n\n<ul class=\"has-ast-global-color-8-color has-text-color has-link-color wp-elements-84ef50f311b212829120fd687a7a40cf\">\n<li>Para&nbsp;<strong>desistir<\/strong>&nbsp;da opera\u00e7\u00e3o, clique em&nbsp;<strong>Cancelar<\/strong>. Confirme a desist\u00eancia na janela apresentada posteriormente.<\/li>\n<\/ul>\n","protected":false},"excerpt":{"rendered":"<p>Esta funcionalidade permite ao aluno elaborar um texto que ser\u00e1 exibido em seu perfil na turma virtual, com o objetivo de facilitar a identifica\u00e7\u00e3o do discente. O texto escrito pelo pr\u00f3prio usu\u00e1rio \u00e9 exibido em diversas p\u00e1ginas da turma virtual.<\/p>\n","protected":false},"author":1,"featured_media":0,"parent":83,"menu_order":0,"comment_status":"closed","ping_status":"closed","template":"","meta":{"_uag_custom_page_level_css":"","site-sidebar-layout":"default","site-content-layout":"","ast-site-content-layout":"","site-content-style":"default","site-sidebar-style":"default","ast-global-header-display":"","ast-banner-title-visibility":"","ast-main-header-display":"","ast-hfb-above-header-display":"","ast-hfb-below-header-display":"","ast-hfb-mobile-header-display":"","site-post-title":"","ast-breadcrumbs-content":"","ast-featured-img":"","footer-sml-layout":"","theme-transparent-header-meta":"","adv-header-id-meta":"","stick-header-meta":"","header-above-stick-meta":"","header-main-stick-meta":"","header-below-stick-meta":"","astra-migrate-meta-layouts":"","ast-page-background-enabled":"default","ast-page-background-meta":{"desktop":{"background-color":"var(--ast-global-color-4)","background-image":"","background-repeat":"repeat","background-position":"center center","background-size":"auto","background-attachment":"scroll","background-type":"","background-media":"","overlay-type":"","overlay-color":"","overlay-gradient":""},"tablet":{"background-color":"","background-image":"","background-repeat":"repeat","background-position":"center center","background-size":"auto","background-attachment":"scroll","background-type":"","background-media":"","overlay-type":"","overlay-color":"","overlay-gradient":""},"mobile":{"background-color":"","background-image":"","background-repeat":"repeat","background-position":"center center","background-size":"auto","background-attachment":"scroll","background-type":"","background-media":"","overlay-type":"","overlay-color":"","overlay-gradient":""}},"ast-content-background-meta":{"desktop":{"background-color":"var(--ast-global-color-5)","background-image":"","background-repeat":"repeat","background-position":"center center","background-size":"auto","background-attachment":"scroll","background-type":"","background-media":"","overlay-type":"","overlay-color":"","overlay-gradient":""},"tablet":{"background-color":"var(--ast-global-color-5)","background-image":"","background-repeat":"repeat","background-position":"center center","background-size":"auto","background-attachment":"scroll","background-type":"","background-media":"","overlay-type":"","overlay-color":"","overlay-gradient":""},"mobile":{"background-color":"var(--ast-global-color-5)","background-image":"","background-repeat":"repeat","background-position":"center center","background-size":"auto","background-attachment":"scroll","background-type":"","background-media":"","overlay-type":"","overlay-color":"","overlay-gradient":""}},"footnotes":""},"uagb_featured_image_src":{"full":false,"thumbnail":false,"medium":false,"medium_large":false,"large":false,"1536x1536":false,"2048x2048":false},"uagb_author_info":{"display_name":"adminsites@uepa.br","author_link":"https:\/\/wiki.uepa.br\/index.php\/author\/adminsitesuepa-br\/"},"uagb_comment_info":0,"uagb_excerpt":"Esta funcionalidade permite ao aluno elaborar um texto que ser\u00e1 exibido em seu perfil na turma virtual, com o objetivo de facilitar a identifica\u00e7\u00e3o do discente. O texto escrito pelo pr\u00f3prio usu\u00e1rio \u00e9 exibido em diversas p\u00e1ginas da turma virtual.","_links":{"self":[{"href":"https:\/\/wiki.uepa.br\/index.php\/wp-json\/wp\/v2\/pages\/94"}],"collection":[{"href":"https:\/\/wiki.uepa.br\/index.php\/wp-json\/wp\/v2\/pages"}],"about":[{"href":"https:\/\/wiki.uepa.br\/index.php\/wp-json\/wp\/v2\/types\/page"}],"author":[{"embeddable":true,"href":"https:\/\/wiki.uepa.br\/index.php\/wp-json\/wp\/v2\/users\/1"}],"replies":[{"embeddable":true,"href":"https:\/\/wiki.uepa.br\/index.php\/wp-json\/wp\/v2\/comments?post=94"}],"version-history":[{"count":2,"href":"https:\/\/wiki.uepa.br\/index.php\/wp-json\/wp\/v2\/pages\/94\/revisions"}],"predecessor-version":[{"id":539,"href":"https:\/\/wiki.uepa.br\/index.php\/wp-json\/wp\/v2\/pages\/94\/revisions\/539"}],"up":[{"embeddable":true,"href":"https:\/\/wiki.uepa.br\/index.php\/wp-json\/wp\/v2\/pages\/83"}],"wp:attachment":[{"href":"https:\/\/wiki.uepa.br\/index.php\/wp-json\/wp\/v2\/media?parent=94"}],"curies":[{"name":"wp","href":"https:\/\/api.w.org\/{rel}","templated":true}]}}