{"id":97,"date":"2024-02-19T15:07:30","date_gmt":"2024-02-19T15:07:30","guid":{"rendered":"https:\/\/wiki.uepa.br\/?page_id=97"},"modified":"2025-09-25T16:13:26","modified_gmt":"2025-09-25T16:13:26","slug":"participantes","status":"publish","type":"page","link":"https:\/\/wiki.uepa.br\/index.php\/turma-virtual\/participantes\/","title":{"rendered":"Participantes"},"content":{"rendered":"\n<p class=\"has-text-align-center has-ast-global-color-8-color has-text-color has-link-color wp-elements-aa8d6e6829227700f5f5d2b10c4621cd\">Esta funcionalidade permite visualizar uma listagem com as informa\u00e7\u00f5es de contato de todos os participantes da turma virtual, com o objetivo de auxiliar a comunica\u00e7\u00e3o entre os participantes da turma. Todos os participantes t\u00eam acesso a esta opera\u00e7\u00e3o.<\/p>\n\n\n\n<ul class=\"has-ast-global-color-8-color has-text-color has-link-color wp-elements-f79584e2258e9169528bc7850633cb13\">\n<li>Para realizar essa opera\u00e7\u00e3o, acesse o SIGAA UEPA \u00bb M\u00f3dulos \u00bb Portal do Discente \u00bb Turmas do Semestre \u00bb Componente Curricular \u00bb Menu Turma Virtual \u00bb Turma \u00bb Participantes.<\/li>\n<\/ul>\n\n\n\n<figure class=\"wp-block-image aligncenter size-full\"><img loading=\"lazy\" decoding=\"async\" width=\"900\" height=\"584\" src=\"https:\/\/wiki.uepa.br\/wp-content\/uploads\/2025\/09\/participantes_turvir1.png\" alt=\"\" class=\"wp-image-550\" srcset=\"https:\/\/wiki.uepa.br\/wp-content\/uploads\/2025\/09\/participantes_turvir1.png 900w, https:\/\/wiki.uepa.br\/wp-content\/uploads\/2025\/09\/participantes_turvir1-300x195.png 300w, https:\/\/wiki.uepa.br\/wp-content\/uploads\/2025\/09\/participantes_turvir1-768x498.png 768w\" sizes=\"(max-width: 900px) 100vw, 900px\" \/><\/figure>\n\n\n\n<figure class=\"wp-block-image aligncenter size-full\"><img loading=\"lazy\" decoding=\"async\" width=\"681\" height=\"118\" src=\"https:\/\/wiki.uepa.br\/wp-content\/uploads\/2024\/02\/image-2.png\" alt=\"\" class=\"wp-image-99\" srcset=\"https:\/\/wiki.uepa.br\/wp-content\/uploads\/2024\/02\/image-2.png 681w, https:\/\/wiki.uepa.br\/wp-content\/uploads\/2024\/02\/image-2-300x52.png 300w\" sizes=\"(max-width: 681px) 100vw, 681px\" \/><\/figure>\n\n\n\n<figure class=\"wp-block-image aligncenter size-full\"><img loading=\"lazy\" decoding=\"async\" width=\"536\" height=\"403\" src=\"https:\/\/wiki.uepa.br\/wp-content\/uploads\/2025\/09\/participantes_turvir1.6.png\" alt=\"\" class=\"wp-image-553\" srcset=\"https:\/\/wiki.uepa.br\/wp-content\/uploads\/2025\/09\/participantes_turvir1.6.png 536w, https:\/\/wiki.uepa.br\/wp-content\/uploads\/2025\/09\/participantes_turvir1.6-300x226.png 300w\" sizes=\"(max-width: 536px) 100vw, 536px\" \/><\/figure>\n\n\n\n<figure class=\"wp-block-image aligncenter size-full\"><img loading=\"lazy\" decoding=\"async\" width=\"574\" height=\"49\" src=\"https:\/\/wiki.uepa.br\/wp-content\/uploads\/2024\/02\/image-3.png\" alt=\"\" class=\"wp-image-100\" srcset=\"https:\/\/wiki.uepa.br\/wp-content\/uploads\/2024\/02\/image-3.png 574w, https:\/\/wiki.uepa.br\/wp-content\/uploads\/2024\/02\/image-3-300x26.png 300w\" sizes=\"(max-width: 574px) 100vw, 574px\" \/><\/figure>\n\n\n\n<figure class=\"wp-block-image aligncenter size-full\"><img loading=\"lazy\" decoding=\"async\" width=\"702\" height=\"264\" src=\"https:\/\/wiki.uepa.br\/wp-content\/uploads\/2025\/09\/participantes_turvir1.3.png\" alt=\"\" class=\"wp-image-555\" srcset=\"https:\/\/wiki.uepa.br\/wp-content\/uploads\/2025\/09\/participantes_turvir1.3.png 702w, https:\/\/wiki.uepa.br\/wp-content\/uploads\/2025\/09\/participantes_turvir1.3-300x113.png 300w\" sizes=\"(max-width: 702px) 100vw, 702px\" \/><\/figure>\n\n\n\n<ul class=\"has-ast-global-color-8-color has-text-color has-link-color wp-elements-bcef36998ff5d10d5a42133aab132c09\">\n<li>Caso desista da opera\u00e7\u00e3o clique em&nbsp;<strong>Cancelar<\/strong>.<\/li>\n\n\n\n<li>Preenchidos os campos em&nbsp;<strong>Enviar<\/strong>. Uma janela indicar\u00e1 o sucesso da opera\u00e7\u00e3o:<\/li>\n<\/ul>\n\n\n\n<figure class=\"wp-block-image aligncenter size-full\"><img loading=\"lazy\" decoding=\"async\" width=\"214\" height=\"93\" src=\"https:\/\/wiki.uepa.br\/wp-content\/uploads\/2025\/09\/participantes_turvir1.4.png\" alt=\"\" class=\"wp-image-558\"\/><\/figure>\n","protected":false},"excerpt":{"rendered":"<p>Esta funcionalidade permite visualizar uma listagem com as informa\u00e7\u00f5es de contato de todos os participantes da turma virtual, com o objetivo de auxiliar a comunica\u00e7\u00e3o entre os participantes da turma. Todos os participantes t\u00eam acesso a esta opera\u00e7\u00e3o.<\/p>\n","protected":false},"author":1,"featured_media":0,"parent":83,"menu_order":0,"comment_status":"closed","ping_status":"closed","template":"","meta":{"_uag_custom_page_level_css":"","site-sidebar-layout":"default","site-content-layout":"","ast-site-content-layout":"","site-content-style":"default","site-sidebar-style":"default","ast-global-header-display":"","ast-banner-title-visibility":"","ast-main-header-display":"","ast-hfb-above-header-display":"","ast-hfb-below-header-display":"","ast-hfb-mobile-header-display":"","site-post-title":"","ast-breadcrumbs-content":"","ast-featured-img":"","footer-sml-layout":"","theme-transparent-header-meta":"","adv-header-id-meta":"","stick-header-meta":"","header-above-stick-meta":"","header-main-stick-meta":"","header-below-stick-meta":"","astra-migrate-meta-layouts":"","ast-page-background-enabled":"default","ast-page-background-meta":{"desktop":{"background-color":"var(--ast-global-color-4)","background-image":"","background-repeat":"repeat","background-position":"center center","background-size":"auto","background-attachment":"scroll","background-type":"","background-media":"","overlay-type":"","overlay-color":"","overlay-gradient":""},"tablet":{"background-color":"","background-image":"","background-repeat":"repeat","background-position":"center center","background-size":"auto","background-attachment":"scroll","background-type":"","background-media":"","overlay-type":"","overlay-color":"","overlay-gradient":""},"mobile":{"background-color":"","background-image":"","background-repeat":"repeat","background-position":"center center","background-size":"auto","background-attachment":"scroll","background-type":"","background-media":"","overlay-type":"","overlay-color":"","overlay-gradient":""}},"ast-content-background-meta":{"desktop":{"background-color":"var(--ast-global-color-5)","background-image":"","background-repeat":"repeat","background-position":"center center","background-size":"auto","background-attachment":"scroll","background-type":"","background-media":"","overlay-type":"","overlay-color":"","overlay-gradient":""},"tablet":{"background-color":"var(--ast-global-color-5)","background-image":"","background-repeat":"repeat","background-position":"center center","background-size":"auto","background-attachment":"scroll","background-type":"","background-media":"","overlay-type":"","overlay-color":"","overlay-gradient":""},"mobile":{"background-color":"var(--ast-global-color-5)","background-image":"","background-repeat":"repeat","background-position":"center center","background-size":"auto","background-attachment":"scroll","background-type":"","background-media":"","overlay-type":"","overlay-color":"","overlay-gradient":""}},"footnotes":""},"uagb_featured_image_src":{"full":false,"thumbnail":false,"medium":false,"medium_large":false,"large":false,"1536x1536":false,"2048x2048":false},"uagb_author_info":{"display_name":"adminsites@uepa.br","author_link":"https:\/\/wiki.uepa.br\/index.php\/author\/adminsitesuepa-br\/"},"uagb_comment_info":0,"uagb_excerpt":"Esta funcionalidade permite visualizar uma listagem com as informa\u00e7\u00f5es de contato de todos os participantes da turma virtual, com o objetivo de auxiliar a comunica\u00e7\u00e3o entre os participantes da turma. Todos os participantes t\u00eam acesso a esta opera\u00e7\u00e3o.","_links":{"self":[{"href":"https:\/\/wiki.uepa.br\/index.php\/wp-json\/wp\/v2\/pages\/97"}],"collection":[{"href":"https:\/\/wiki.uepa.br\/index.php\/wp-json\/wp\/v2\/pages"}],"about":[{"href":"https:\/\/wiki.uepa.br\/index.php\/wp-json\/wp\/v2\/types\/page"}],"author":[{"embeddable":true,"href":"https:\/\/wiki.uepa.br\/index.php\/wp-json\/wp\/v2\/users\/1"}],"replies":[{"embeddable":true,"href":"https:\/\/wiki.uepa.br\/index.php\/wp-json\/wp\/v2\/comments?post=97"}],"version-history":[{"count":2,"href":"https:\/\/wiki.uepa.br\/index.php\/wp-json\/wp\/v2\/pages\/97\/revisions"}],"predecessor-version":[{"id":560,"href":"https:\/\/wiki.uepa.br\/index.php\/wp-json\/wp\/v2\/pages\/97\/revisions\/560"}],"up":[{"embeddable":true,"href":"https:\/\/wiki.uepa.br\/index.php\/wp-json\/wp\/v2\/pages\/83"}],"wp:attachment":[{"href":"https:\/\/wiki.uepa.br\/index.php\/wp-json\/wp\/v2\/media?parent=97"}],"curies":[{"name":"wp","href":"https:\/\/api.w.org\/{rel}","templated":true}]}}